{"id":11013,"date":"2025-06-16T14:14:19","date_gmt":"2025-06-16T14:14:19","guid":{"rendered":"https:\/\/chuyendo.vn\/oto\/?post_type=product&#038;p=11013"},"modified":"2025-06-16T14:21:26","modified_gmt":"2025-06-16T14:21:26","slug":"tem-tay-nam-lexus","status":"publish","type":"product","link":"https:\/\/chuyendo.vn\/oto\/product\/tem-tay-nam-lexus\/","title":{"rendered":"DECAL,TEM D\u00c1N TAY N\u1eaeM C\u1eecA  Thi\u1ebft K\u1ebf Lexus"},"content":{"rendered":"<p data-start=\"368\" data-end=\"457\"><strong data-start=\"368\" data-end=\"457\">Tem tay n\u1eafm Lexus\u00a0\u2013 Ch\u1ed1ng tr\u1ea7y, sang tr\u1ecdng, n\u00e2ng t\u1ea7m \u0111\u1eb3ng c\u1ea5p d\u00f2ng xe cao c\u1ea5p<\/strong><\/p>\n<p data-start=\"459\" data-end=\"1085\">Tem tay n\u1eafm Lexus\u00a0thi\u1ebft k\u1ebf tinh t\u1ebf, chu\u1ea9n phong c\u00e1ch sang tr\u1ecdng \u0111\u1eb7c tr\u01b0ng c\u1ee7a th\u01b0\u01a1ng hi\u1ec7u.<br data-start=\"557\" data-end=\"560\" \/>S\u1eed d\u1ee5ng v\u1eadt li\u1ec7u decal PVC cao c\u1ea5p, ph\u1ee7 b\u00f3ng nh\u1eb9, b\u1ec1n b\u1ec9 v\u00e0 ch\u1ed1ng tia UV hi\u1ec7u qu\u1ea3.<br data-start=\"642\" data-end=\"645\" \/>Ch\u1ed1ng tr\u1ea7y v\u00f9ng h\u00f5m tay n\u1eafm \u2013 n\u01a1i d\u1ec5 x\u01b0\u1edbc do m\u00f3ng tay, ch\u00eca kh\u00f3a, ho\u1eb7c ma s\u00e1t khi m\u1edf c\u1eeda.<br data-start=\"734\" data-end=\"737\" \/>In logo Lexus s\u1eafc n\u00e9t, kh\u00f4ng phai m\u00e0u, kh\u00f4ng bong tr\u00f3c d\u00f9 r\u1eeda xe, \u0111i n\u1eafng ho\u1eb7c m\u01b0a th\u01b0\u1eddng xuy\u00ean.<br data-start=\"833\" data-end=\"836\" \/>Thi\u1ebft k\u1ebf ph\u00f9 h\u1ee3p nhi\u1ec1u d\u00f2ng Lexus nh\u01b0 RX, NX, ES, LX, UX \u2013 d\u1ec5 d\u00e1n v\u00e0 th\u00e1o khi c\u1ea7n.<br data-start=\"918\" data-end=\"921\" \/>Mi\u1ebfng d\u00e1n t\u00edch h\u1ee3p s\u1eb5n keo 3M \u2013 ch\u1ec9 c\u1ea7n b\u00f3c v\u00e0 d\u00e1n tr\u1ef1c ti\u1ebfp v\u00e0o v\u1ecb tr\u00ed tay n\u1eafm.<br data-start=\"1001\" data-end=\"1004\" \/>Kh\u00f4ng c\u1ea7n d\u1ee5ng c\u1ee5, kh\u00f4ng l\u00e0m h\u1ecfng l\u1edbp s\u01a1n zin \u2013 \u0111\u1ea3m b\u1ea3o an to\u00e0n tuy\u1ec7t \u0111\u1ed1i cho xe.<\/p>\n<p data-start=\"1087\" data-end=\"1138\"><strong data-start=\"1087\" data-end=\"1138\">\u01afu \u0111i\u1ec3m c\u1ee7a tem tay n\u1eafm c\u1eeda Lexus t\u1ea1i Chuy\u00ean \u0110\u1ed9<\/strong><\/p>\n<p data-start=\"1140\" data-end=\"1450\">Tem tay n\u1eafm Lexus T\u0103ng t\u00ednh nh\u1eadn di\u1ec7n th\u01b0\u01a1ng hi\u1ec7u Lexus \u2013 phong c\u00e1ch cao c\u1ea5p ngay t\u1eeb chi ti\u1ebft nh\u1ecf.<br data-start=\"1220\" data-end=\"1223\" \/>Ch\u1ed1ng tr\u1ea7y, b\u1ec1n \u0111\u1eb9p theo th\u1eddi gian \u2013 gi\u1eef tay n\u1eafm lu\u00f4n m\u1edbi, s\u1ea1ch, b\u00f3ng.<br data-start=\"1293\" data-end=\"1296\" \/>Ph\u00f9 h\u1ee3p ng\u01b0\u1eddi y\u00eau s\u1ef1 t\u1ed1i gi\u1ea3n nh\u01b0ng v\u1eabn mu\u1ed1n c\u00e1 nh\u00e2n h\u00f3a chi\u1ebfc xe c\u1ee7a m\u00ecnh.<br data-start=\"1371\" data-end=\"1374\" \/>C\u00f3 nhi\u1ec1u t\u00f4ng m\u00e0u: \u0111en, x\u00e1m kh\u00f3i, b\u1ea1c \u2013 d\u1ec5 ph\u1ed1i h\u1ee3p m\u00e0u s\u01a1n t\u1ed5ng th\u1ec3 c\u1ee7a xe.<\/p>\n<p data-start=\"1452\" data-end=\"1535\"><strong data-start=\"1452\" data-end=\"1535\">Mua Tem tay n\u1eafm Lexus t\u1ea1i Chuy\u00ean \u0110\u1ed9 \u2013 T\u1ed1i \u01b0u c\u1ea3 th\u1ea9m m\u1ef9 v\u00e0 b\u1ea3o v\u1ec7 t\u1eebng chi ti\u1ebft<\/strong><\/p>\n<p data-start=\"1537\" data-end=\"1748\">T\u00ecm \u201ctem tay n\u1eafm Lexus\u201d tr\u00ean Google ho\u1eb7c mua tr\u1ef1c ti\u1ebfp t\u1ea1i website c\u1ee7a Chuy\u00ean \u0110\u1ed9.<br data-start=\"1618\" data-end=\"1621\" \/>H\u00e0ng lu\u00f4n s\u1eb5n kho, \u0111\u00f3ng g\u00f3i c\u1ea9n th\u1eadn, giao h\u00e0ng nhanh to\u00e0n qu\u1ed1c.<br data-start=\"1685\" data-end=\"1688\" \/>Chuy\u00ean \u0110\u1ed9 \u2013 chuy\u00ean tem xe cao c\u1ea5p cho ng\u01b0\u1eddi ch\u01a1i xe cao c\u1ea5p.<\/p>\n<hr \/>\n<p>&nbsp;<\/p>\n<p><a href=\"https:\/\/chuyendo.vn\/oto\/\"><strong>Chuy\u00ean \u0110\u1ed9<\/strong><\/a> l\u00e0 s\u00e0n th\u01b0\u01a1ng m\u1ea1i \u0111i\u1ec7n t\u1eed h\u00e0ng \u0111\u1ea7u t\u1ea1i Vi\u1ec7t Nam d\u00e0nh cho ng\u01b0\u1eddi y\u00eau xe, chuy\u00ean cung c\u1ea5p ph\u1ee5 ki\u1ec7n \u0111\u1ed9, n\u00e2ng c\u1ea5p, l\u00e0m m\u1edbi, trang tr\u00ed, \u0111\u1ed3 ch\u01a1i xe m\u00e1y v\u00e0 xe \u0111i\u1ec7n. T\u1eebng s\u1ea3n ph\u1ea9m \u0111\u01b0\u1ee3c thi\u1ebft k\u1ebf \u0111\u1ec3 t\u1ed1i \u01b0u t\u00ednh t\u01b0\u01a1ng th\u00edch, hi\u1ec7u su\u1ea5t ho\u1ea1t \u0111\u1ed9ng v\u00e0 ti\u1ec7n l\u1ee3i, d\u1ec5 d\u00e0ng c\u00f3 th\u1ec3 t\u1ef1 l\u1eafp \u0111\u1eb7t. \u0110\u1ed9i ng\u0169 t\u01b0 v\u1ea5n vi\u00ean chuy\u00ean nghi\u1ec7p, s\u1eb5n s\u00e0ng h\u1ed7 tr\u1ee3 kh\u00e1ch h\u00e0ng l\u1ef1a ch\u1ecdn s\u1ea3n ph\u1ea9m ph\u00f9 h\u1ee3p nh\u1ea5t v\u1edbi nhu c\u1ea7u s\u1eed d\u1ee5ng. <a href=\"https:\/\/www.facebook.com\/profile.php?id=61566794691477\" target=\"_blank\" rel=\"noopener\"><strong>Chuy\u00ean \u0110\u1ed9<\/strong><\/a> \u0111\u01b0\u1ee3c x\u00e2y d\u1ef1ng v\u1edbi m\u1ee5c ti\u00eau n\u00e2ng cao an to\u00e0n, n\u00e2ng t\u1ea7m tr\u1ea3i nghi\u1ec7m khi l\u00e1i xe v\u1edbi phong c\u00e1ch ri\u00eang c\u1ee7a t\u1eebng kh\u00e1ch h\u00e0ng.<\/p>\n<p>&nbsp;<\/p>\n<p><strong><a href=\"https:\/\/chuyendo.vn\/oto\/shop\/\"><em>C\u00e1c s\u1ea3n ph\u1ea9m m\u1edbi t\u1ed1i \u01b0u nh\u1ea5t cho xe c\u1ee7a b\u1ea1n.(Nh\u1ea5n \u0110\u1ec3 Xem Chi Ti\u1ebft)<\/em><\/a><\/strong><\/p>\n<div style=\"margin: 20px 0;\"><div class=\"qrcswholewtapper\" style=\"text-align:center;\"><div class=\"qrcprowrapper\"  id=\"qrcwraa2leds\"><div class=\"qrc_canvass\" id=\"qrc_cuttenpages_2\" style=\"display:inline-block\" data-text=\"https:\/\/chuyendo.vn\/oto\/product\/tem-tay-nam-lexus\/\"><\/div><div><a download=\"DECAL,TEM D\u00c1N TAY N\u1eaeM C\u1eecA  Thi\u1ebft K\u1ebf Lexus.png\" class=\"qrcdownloads\" id=\"worign\">\r\n           <button type=\"button\" style=\"min-width:200px;background:#ffffff;color:#dd9933;font-weight: 600;border: 1px solid #dd9933;border-radius:25px;font-size:12px;padding: 6px 0;\" class=\"uqr_code_btn\">Qu\u00e9t M\u00e3 \u0110\u1ec3 Truy C\u1eadp<\/button>\r\n           <\/a><\/div><\/div><\/div><\/div>","protected":false},"excerpt":{"rendered":"<p>Tem tay n\u1eafm Lexus\u00a0\u2013 Ch\u1ed1ng tr\u1ea7y, sang tr\u1ecdng, n\u00e2ng t\u1ea7m \u0111\u1eb3ng c\u1ea5p d\u00f2ng xe cao c\u1ea5p Tem tay n\u1eafm Lexus\u00a0thi\u1ebft k\u1ebf tinh t\u1ebf, chu\u1ea9n phong c\u00e1ch sang tr\u1ecdng \u0111\u1eb7c tr\u01b0ng c\u1ee7a th\u01b0\u01a1ng hi\u1ec7u.S\u1eed d\u1ee5ng v\u1eadt li\u1ec7u decal PVC cao c\u1ea5p, &hellip; <a href=\"https:\/\/chuyendo.vn\/oto\/product\/tem-tay-nam-lexus\/\">Xem Chi Ti\u1ebft<\/a><\/p>\n","protected":false},"featured_media":11014,"comment_status":"open","ping_status":"closed","template":"","meta":[],"product_cat":[5344,19114],"product_tag":[21427,21452,21402,21429,21417,21425,21451,21445,21420,21437,21435,21422,21448,21418,21434,21439,21442,21431,21449,21443,21440,21438,21421,21433,21424,21416,21423,21441,20177,21446,21432,21453,21450,21436,21426,21419,21430,21428,21447,21444],"class_list":{"0":"post-11013","1":"product","2":"type-product","3":"status-publish","4":"has-post-thumbnail","6":"product_cat-san-pham-moi","7":"product_cat-tay-nam-cua","8":"product_tag-cach-dan-tem-tay-nam-lexus-khong-de-lai-keo","9":"product_tag-dan-tay-nam-chong-xuoc","10":"product_tag-dan-tay-nam-cua","11":"product_tag-dan-tem-lexus-giup-chong-xuoc-tay-nam-cua","12":"product_tag-decal-chong-tray-tay-nam-lexus","13":"product_tag-decal-dan-cua-xe-hoi-lexus-cao-cap","14":"product_tag-decal-lexus-chinh-hang","15":"product_tag-decal-lexus-rx","16":"product_tag-decal-tay-nam-chong-tia-uv-lexus","17":"product_tag-decal-tay-nam-lexus","18":"product_tag-decal-tay-nam-lexus-ben-bi-de-dan","19":"product_tag-mieng-dan-bao-ve-tay-nam-cua-lexus","20":"product_tag-mieng-dan-cua-xe-lexus","21":"product_tag-mieng-dan-hom-tay-nam-lexus","22":"product_tag-mieng-dan-hom-tay-nam-lexus-khong-bay-mau","23":"product_tag-mieng-dan-lexus","24":"product_tag-phu-kien-lexus","25":"product_tag-phu-kien-lexus-bao-ve-son-tay-nam","26":"product_tag-tem-3m-lexus","27":"product_tag-tem-cao-cap-lexus","28":"product_tag-tem-chong-tray-lexus","29":"product_tag-tem-cua-lexus","30":"product_tag-tem-cua-lexus-co-logo-sang-trong","31":"product_tag-tem-cua-lexus-phu-hop-moi-dong","32":"product_tag-tem-cua-xe-lexus-chong-tray-hieu-qua","33":"product_tag-tem-dan-tay-nam-cua-lexus-chinh-hang","34":"product_tag-tem-dan-tay-nam-cua-phu-hop-xe-lexus-rx","35":"product_tag-tem-hom-tay-nam","36":"product_tag-tem-lexus-es","37":"product_tag-tem-lexus-lx","38":"product_tag-tem-lexus-sang-trong-cao-cap","39":"product_tag-tem-lexus-ux","40":"product_tag-tem-tay-nam-cua-o-to","41":"product_tag-tem-tay-nam-lexus","42":"product_tag-tem-tay-nam-lexus-dan-3m","43":"product_tag-tem-tay-nam-lexus-khong-bong-troc","44":"product_tag-tem-tay-nam-lexus-mau-den-nham","45":"product_tag-tem-tay-nam-lexus-phong-cach-toi-gian","46":"product_tag-tem-tay-nam-xe-hoi","47":"product_tag-tem-xe-lexus-dep","49":"first","50":"instock","51":"shipping-taxable","52":"purchasable","53":"product-type-variable"},"_links":{"self":[{"href":"https:\/\/chuyendo.vn\/oto\/wp-json\/wp\/v2\/product\/11013","targetHints":{"allow":["GET"]}}],"collection":[{"href":"https:\/\/chuyendo.vn\/oto\/wp-json\/wp\/v2\/product"}],"about":[{"href":"https:\/\/chuyendo.vn\/oto\/wp-json\/wp\/v2\/types\/product"}],"replies":[{"embeddable":true,"href":"https:\/\/chuyendo.vn\/oto\/wp-json\/wp\/v2\/comments?post=11013"}],"wp:featuredmedia":[{"embeddable":true,"href":"https:\/\/chuyendo.vn\/oto\/wp-json\/wp\/v2\/media\/11014"}],"wp:attachment":[{"href":"https:\/\/chuyendo.vn\/oto\/wp-json\/wp\/v2\/media?parent=11013"}],"wp:term":[{"taxonomy":"product_cat","embeddable":true,"href":"https:\/\/chuyendo.vn\/oto\/wp-json\/wp\/v2\/product_cat?post=11013"},{"taxonomy":"product_tag","embeddable":true,"href":"https:\/\/chuyendo.vn\/oto\/wp-json\/wp\/v2\/product_tag?post=11013"}],"curies":[{"name":"wp","href":"https:\/\/api.w.org\/{rel}","templated":true}]}}