{"id":11556,"date":"2025-06-20T08:41:37","date_gmt":"2025-06-20T08:41:37","guid":{"rendered":"https:\/\/chuyendo.vn\/oto\/?post_type=product&#038;p=11556"},"modified":"2025-06-20T08:49:52","modified_gmt":"2025-06-20T08:49:52","slug":"tem-xe-sedan-sedan-26","status":"publish","type":"product","link":"https:\/\/chuyendo.vn\/oto\/product\/tem-xe-sedan-sedan-26\/","title":{"rendered":"DECAL, TEM \u0110\u1ed8 XE SEDAN  SEDAN-26"},"content":{"rendered":"<p data-start=\"372\" data-end=\"456\"><strong data-start=\"372\" data-end=\"456\">Tem xe Sedan SEDAN-26\u00a0\u2013 D\u1ea3i s\u1ecdc th\u1ec3 thao c\u1eaft x\u00e9o m\u1ea1nh m\u1ebd, t\u0103ng kh\u00ed ch\u1ea5t xe \u0111\u1ed9<\/strong><\/p>\n<p data-start=\"458\" data-end=\"1159\"><strong data-start=\"372\" data-end=\"456\">Tem xe Sedan SEDAN-26<\/strong>\u00a0mang phong c\u00e1ch \u201cDiagonal Speedline\u201d \u2013 thi\u1ebft k\u1ebf d\u1ea3i s\u1ecdc nghi\u00eang s\u1eafc n\u00e9t, \u0111\u1eadm ch\u1ea5t \u0111ua xe.<br data-start=\"560\" data-end=\"563\" \/>S\u1ecdc c\u1eaft t\u1eeb h\u00f4ng b\u00e1nh tr\u01b0\u1edbc, v\u1eaft ngang th\u00e2n xe, l\u00ean \u0111u\u00f4i, t\u1ea1o hi\u1ec7u \u1ee9ng chuy\u1ec3n \u0111\u1ed9ng nhanh.<br data-start=\"651\" data-end=\"654\" \/>M\u00e0u s\u1eafc n\u1ed5i b\u1eadt: \u0111\u1ecf \u0111en, tr\u1eafng \u0111en, b\u1ea1c cam, v\u00e0ng x\u00e1m, mang phong c\u00e1ch tr\u1ebb trung v\u00e0 ng\u1ea7u.<br data-start=\"743\" data-end=\"746\" \/>Logo \u201cRacing Spirit\u201d n\u1eb1m l\u1ec7ch v\u1ec1 \u0111u\u00f4i xe, kh\u1eb3ng \u0111\u1ecbnh c\u00e1 t\u00ednh c\u1ee7a ch\u1ee7 xe \u0111\u1ed9.<br data-start=\"821\" data-end=\"824\" \/>D\u00e1ng tem d\u00e0i, k\u00e9o d\u1ecdc theo th\u00e2n xe \u2013 gi\u00fap xe tr\u00f4ng tr\u01b0\u1eddng d\u00e1ng v\u00e0 m\u1ea1nh m\u1ebd h\u01a1n.<br data-start=\"902\" data-end=\"905\" \/>Ch\u1ea5t li\u1ec7u decal PVC ph\u1ee7 b\u00f3ng cao c\u1ea5p \u2013 ch\u1ed1ng n\u01b0\u1edbc, kh\u00f4ng phai m\u00e0u, d\u00ednh ch\u1eafc ch\u1eafn.<br data-start=\"987\" data-end=\"990\" \/>Tem \u0111\u01b0\u1ee3c CNC chu\u1ea9n cho d\u00f2ng sedan nh\u01b0 Mazda 3, Vios, City, K3, Elantra, Camry, Lux A.<br data-start=\"1075\" data-end=\"1078\" \/>T\u1ef1 d\u00e1n d\u1ec5 d\u00e0ng v\u1edbi h\u01b0\u1edbng d\u1eabn chi ti\u1ebft \u2013 ch\u1ec9 c\u1ea7n v\u1ec7 sinh v\u00e0 canh \u0111\u00fang form l\u00e0 \u0111\u1eb9p.<\/p>\n<p data-start=\"1161\" data-end=\"1207\"><strong data-start=\"1161\" data-end=\"1207\">L\u00fd do n\u00ean ch\u1ecdn Tem xe Sedan SEDAN-26 t\u1ea1i Chuy\u00ean \u0110\u1ed9?<\/strong><\/p>\n<p data-start=\"1209\" data-end=\"1537\">Thi\u1ebft k\u1ebf \u0111\u01a1n gi\u1ea3n nh\u01b0ng hi\u1ec7u qu\u1ea3 cao \u2013 n\u1ed5i b\u1eadt ngay khi xe di chuy\u1ec3n tr\u00ean ph\u1ed1.<br data-start=\"1287\" data-end=\"1290\" \/>D\u00e0nh cho xe c\u00e1 nh\u00e2n mu\u1ed1n n\u1ed5i b\u1eadt, xe h\u1ed9i nh\u00f3m, xe d\u1ecbch v\u1ee5 mu\u1ed1n t\u1ea1o d\u1ea5u \u1ea5n ri\u00eang.<br data-start=\"1370\" data-end=\"1373\" \/>D\u1ec5 ph\u1ed1i v\u1edbi tem capo, vi\u1ec1n k\u00ednh, tay n\u1eafm th\u1ec3 thao, g\u01b0\u01a1ng decal c\u00e1 t\u00ednh ho\u1eb7c logo ph\u1ea3n quang.<br data-start=\"1465\" data-end=\"1468\" \/>Mang l\u1ea1i v\u1ebb ngo\u00e0i th\u1ec3 thao, m\u1ea1nh m\u1ebd m\u00e0 kh\u00f4ng c\u1ea7n thay \u0111\u1ed5i k\u1ebft c\u1ea5u xe.<\/p>\n<p data-start=\"1539\" data-end=\"1625\"><strong data-start=\"1539\" data-end=\"1625\">T\u00ecm Tem xe Sedan SEDAN-26 t\u1ea1i Chuy\u00ean \u0110\u1ed9 \u2013 S\u1ecdc nghi\u00eang m\u1ed9t l\u1ea7n, \u0111\u1eadm c\u00e1 t\u00ednh d\u00e0i l\u00e2u<\/strong><\/p>\n<p data-start=\"1627\" data-end=\"1785\">G\u00f5 \u201c<strong data-start=\"372\" data-end=\"456\">Tem xe Sedan SEDAN-26<\/strong>\u201d ho\u1eb7c truy c\u1eadp Chuyendo.vn \u0111\u1ec3 s\u1edf h\u1eefu m\u1eabu \u0111\u1ed9 b\u00e1n ch\u1ea1y n\u00e0y.<br data-start=\"1710\" data-end=\"1713\" \/>Chuy\u00ean \u0110\u1ed9 \u2013 n\u01a1i c\u00e1 t\u00ednh \u0111\u01b0\u1ee3c th\u1ec3 hi\u1ec7n r\u00f5 ch\u1ec9 b\u1eb1ng m\u1ed9t \u0111\u01b0\u1eddng tem s\u1eafc l\u1eb9m.<\/p>\n<hr \/>\n<p>&nbsp;<\/p>\n<p><a href=\"https:\/\/chuyendo.vn\/oto\/\"><strong>Chuy\u00ean \u0110\u1ed9<\/strong><\/a> l\u00e0 s\u00e0n th\u01b0\u01a1ng m\u1ea1i \u0111i\u1ec7n t\u1eed h\u00e0ng \u0111\u1ea7u t\u1ea1i Vi\u1ec7t Nam d\u00e0nh cho ng\u01b0\u1eddi y\u00eau xe, chuy\u00ean cung c\u1ea5p ph\u1ee5 ki\u1ec7n \u0111\u1ed9, n\u00e2ng c\u1ea5p, l\u00e0m m\u1edbi, trang tr\u00ed, \u0111\u1ed3 ch\u01a1i xe m\u00e1y v\u00e0 xe \u0111i\u1ec7n. T\u1eebng s\u1ea3n ph\u1ea9m \u0111\u01b0\u1ee3c thi\u1ebft k\u1ebf \u0111\u1ec3 t\u1ed1i \u01b0u t\u00ednh t\u01b0\u01a1ng th\u00edch, hi\u1ec7u su\u1ea5t ho\u1ea1t \u0111\u1ed9ng v\u00e0 ti\u1ec7n l\u1ee3i, d\u1ec5 d\u00e0ng c\u00f3 th\u1ec3 t\u1ef1 l\u1eafp \u0111\u1eb7t. \u0110\u1ed9i ng\u0169 t\u01b0 v\u1ea5n vi\u00ean chuy\u00ean nghi\u1ec7p, s\u1eb5n s\u00e0ng h\u1ed7 tr\u1ee3 kh\u00e1ch h\u00e0ng l\u1ef1a ch\u1ecdn s\u1ea3n ph\u1ea9m ph\u00f9 h\u1ee3p nh\u1ea5t v\u1edbi nhu c\u1ea7u s\u1eed d\u1ee5ng. <a href=\"https:\/\/www.facebook.com\/profile.php?id=61566794691477\" target=\"_blank\" rel=\"noopener\"><strong>Chuy\u00ean \u0110\u1ed9<\/strong><\/a> \u0111\u01b0\u1ee3c x\u00e2y d\u1ef1ng v\u1edbi m\u1ee5c ti\u00eau n\u00e2ng cao an to\u00e0n, n\u00e2ng t\u1ea7m tr\u1ea3i nghi\u1ec7m khi l\u00e1i xe v\u1edbi phong c\u00e1ch ri\u00eang c\u1ee7a t\u1eebng kh\u00e1ch h\u00e0ng.<\/p>\n<p>&nbsp;<\/p>\n<p><strong><a href=\"https:\/\/chuyendo.vn\/oto\/shop\/\"><em>C\u00e1c s\u1ea3n ph\u1ea9m m\u1edbi t\u1ed1i \u01b0u nh\u1ea5t cho xe c\u1ee7a b\u1ea1n.(Nh\u1ea5n \u0110\u1ec3 Xem Chi Ti\u1ebft)<\/em><\/a><\/strong><\/p>\n<div style=\"margin: 20px 0;\"><div class=\"qrcswholewtapper\" style=\"text-align:center;\"><div class=\"qrcprowrapper\"  id=\"qrcwraa2leds\"><div class=\"qrc_canvass\" id=\"qrc_cuttenpages_2\" style=\"display:inline-block\" data-text=\"https:\/\/chuyendo.vn\/oto\/product\/tem-xe-sedan-sedan-26\/\"><\/div><div><a download=\"DECAL, TEM \u0110\u1ed8 XE SEDAN  SEDAN-26.png\" class=\"qrcdownloads\" id=\"worign\">\r\n           <button type=\"button\" style=\"min-width:200px;background:#ffffff;color:#dd9933;font-weight: 600;border: 1px solid #dd9933;border-radius:25px;font-size:12px;padding: 6px 0;\" class=\"uqr_code_btn\">Qu\u00e9t M\u00e3 \u0110\u1ec3 Truy C\u1eadp<\/button>\r\n           <\/a><\/div><\/div><\/div><\/div>","protected":false},"excerpt":{"rendered":"<p>Tem xe Sedan SEDAN-26\u00a0\u2013 D\u1ea3i s\u1ecdc th\u1ec3 thao c\u1eaft x\u00e9o m\u1ea1nh m\u1ebd, t\u0103ng kh\u00ed ch\u1ea5t xe \u0111\u1ed9 Tem xe Sedan SEDAN-26\u00a0mang phong c\u00e1ch \u201cDiagonal Speedline\u201d \u2013 thi\u1ebft k\u1ebf d\u1ea3i s\u1ecdc nghi\u00eang s\u1eafc n\u00e9t, \u0111\u1eadm ch\u1ea5t \u0111ua xe.S\u1ecdc c\u1eaft t\u1eeb h\u00f4ng &hellip; <a href=\"https:\/\/chuyendo.vn\/oto\/product\/tem-xe-sedan-sedan-26\/\">Xem Chi Ti\u1ebft<\/a><\/p>\n","protected":false},"featured_media":11557,"comment_status":"open","ping_status":"closed","template":"","meta":[],"product_cat":[5344,19115],"product_tag":[22829,22736,23091,19559,23102,22704,23109,19870,22739,22740,16656,23023,23101,20661,23097,22738,23096,23110,22705,22863,23108,23105,23095,23098,23093,23106,23089,23104,23107,23090,22974,23031,22737,23092,23100,23111,20052,23099,23103,23094],"class_list":{"0":"post-11556","1":"product","2":"type-product","3":"status-publish","4":"has-post-thumbnail","6":"product_cat-san-pham-moi","7":"product_cat-sedan","8":"product_tag-tem-camry","9":"product_tag-tem-city","10":"product_tag-tem-city-the-thao-dep","11":"product_tag-tem-dan-de","12":"product_tag-tem-danh-cho-xe-ca-nhan-manh","13":"product_tag-tem-de-dan-tai-nha","14":"product_tag-tem-decal-xe-manh","15":"product_tag-tem-don-gian-dep","16":"product_tag-tem-elantra","17":"product_tag-tem-k3","18":"product_tag-tem-khong-bong","19":"product_tag-tem-khong-bong-troc","20":"product_tag-tem-khong-phan-sang-gat","21":"product_tag-tem-lux-a","22":"product_tag-tem-lux-a-decal-the-thao","23":"product_tag-tem-mazda-3","24":"product_tag-tem-mazda-3-tem-soc-dua","25":"product_tag-tem-noi-bat","26":"product_tag-tem-phu-bong","27":"product_tag-tem-phu-bong-dep","28":"product_tag-tem-racing-spirit","29":"product_tag-tem-racing-spirit-logo-dep","30":"product_tag-tem-sedan-camry-do-the-thao","31":"product_tag-tem-sedan-noi-bat-don-gian","32":"product_tag-tem-sedan-racing-spirit","33":"product_tag-tem-sedan-the-thao-26","34":"product_tag-tem-sedan-the-thao-26-soc-cheo","35":"product_tag-tem-sedan-the-thao-phoi-vien","36":"product_tag-tem-sedan-26","37":"product_tag-tem-sedan-26-phong-cach-dua-xe","38":"product_tag-tem-soc-cheo","39":"product_tag-tem-the-thao","40":"product_tag-tem-vios","41":"product_tag-tem-vios-cat-xeo-manh","42":"product_tag-tem-xe-chay-su-kien-dep","43":"product_tag-tem-xe-do","44":"product_tag-tem-xe-dua","45":"product_tag-tem-xe-dua-duong-pho","46":"product_tag-tem-xe-hoi-nhom-do","47":"product_tag-tem-xe-k3-ca-tinh","49":"first","50":"instock","51":"shipping-taxable","52":"purchasable","53":"product-type-variable"},"_links":{"self":[{"href":"https:\/\/chuyendo.vn\/oto\/wp-json\/wp\/v2\/product\/11556","targetHints":{"allow":["GET"]}}],"collection":[{"href":"https:\/\/chuyendo.vn\/oto\/wp-json\/wp\/v2\/product"}],"about":[{"href":"https:\/\/chuyendo.vn\/oto\/wp-json\/wp\/v2\/types\/product"}],"replies":[{"embeddable":true,"href":"https:\/\/chuyendo.vn\/oto\/wp-json\/wp\/v2\/comments?post=11556"}],"wp:featuredmedia":[{"embeddable":true,"href":"https:\/\/chuyendo.vn\/oto\/wp-json\/wp\/v2\/media\/11557"}],"wp:attachment":[{"href":"https:\/\/chuyendo.vn\/oto\/wp-json\/wp\/v2\/media?parent=11556"}],"wp:term":[{"taxonomy":"product_cat","embeddable":true,"href":"https:\/\/chuyendo.vn\/oto\/wp-json\/wp\/v2\/product_cat?post=11556"},{"taxonomy":"product_tag","embeddable":true,"href":"https:\/\/chuyendo.vn\/oto\/wp-json\/wp\/v2\/product_tag?post=11556"}],"curies":[{"name":"wp","href":"https:\/\/api.w.org\/{rel}","templated":true}]}}