{"id":7790,"date":"2025-02-13T03:28:38","date_gmt":"2025-02-13T03:28:38","guid":{"rendered":"https:\/\/chuyendo.vn\/?post_type=product&#038;p=7790"},"modified":"2025-02-13T04:15:47","modified_gmt":"2025-02-13T04:15:47","slug":"nuoc-lam-mat-may","status":"publish","type":"product","link":"https:\/\/chuyendo.vn\/oto\/product\/nuoc-lam-mat-may\/","title":{"rendered":"N\u01af\u1edaC L\u00c0M M\u00c1T M\u00c1Y"},"content":{"rendered":"<p data-start=\"327\" data-end=\"1254\">N\u01b0\u1edbc l\u00e0m m\u00e1t \u0111\u1ed9ng c\u01a1 gi\u00fap duy tr\u00ec nhi\u1ec7t \u0111\u1ed9 \u1ed5n \u0111\u1ecbnh khi v\u1eadn h\u00e0nh. S\u1ea3n ph\u1ea9m ng\u0103n qu\u00e1 nhi\u1ec7t, b\u1ea3o v\u1ec7 c\u00e1c b\u1ed9 ph\u1eadn quan tr\u1ecdng. N\u01b0\u1edbc l\u00e0m m\u00e1t gi\u00fap k\u00e9o d\u00e0i tu\u1ed5i th\u1ecd \u0111\u1ed9ng c\u01a1 v\u00e0 gi\u1ea3m hao m\u00f2n. C\u00f4ng th\u1ee9c \u0111\u1eb7c bi\u1ec7t gi\u00fap t\u0103ng hi\u1ec7u su\u1ea5t t\u1ea3n nhi\u1ec7t nhanh ch\u00f3ng. S\u1ea3n ph\u1ea9m kh\u00f4ng \u0103n m\u00f2n kim lo\u1ea1i, an to\u00e0n cho h\u1ec7 th\u1ed1ng l\u00e0m m\u00e1t. N\u01b0\u1edbc l\u00e0m m\u00e1t \u0111\u1ed9ng c\u01a1 gi\u00fap xe v\u1eadn h\u00e0nh m\u01b0\u1ee3t m\u00e0, \u1ed5n \u0111\u1ecbnh h\u01a1n. N\u00f3 gi\u00fap ng\u0103n ng\u1eeba c\u1eb7n b\u1ea9n, gi\u1ea3m t\u00ecnh tr\u1ea1ng \u0111\u00f3ng c\u1eb7n trong k\u00e9t n\u01b0\u1edbc. N\u01b0\u1edbc l\u00e0m m\u00e1t th\u00edch h\u1ee3p cho nhi\u1ec1u d\u00f2ng xe m\u00e1y v\u00e0 \u00f4 t\u00f4. S\u1ea3n ph\u1ea9m gi\u00fap gi\u1ea3m nguy c\u01a1 s\u00f4i n\u01b0\u1edbc khi di chuy\u1ec3n \u0111\u01b0\u1eddng d\u00e0i. C\u00f4ng th\u1ee9c ch\u1ed1ng bay h\u01a1i gi\u00fap duy tr\u00ec hi\u1ec7u qu\u1ea3 trong th\u1eddi gian d\u00e0i. N\u01b0\u1edbc l\u00e0m m\u00e1t \u0111\u1ed9ng c\u01a1 gi\u00fap gi\u1ea3m ti\u00eau hao nhi\u00ean li\u1ec7u v\u00e0 t\u1ed1i \u01b0u c\u00f4ng su\u1ea5t. D\u1ec5 d\u00e0ng s\u1eed d\u1ee5ng, ch\u1ec9 c\u1ea7n \u0111\u1ed5 tr\u1ef1c ti\u1ebfp v\u00e0o k\u00e9t n\u01b0\u1edbc. S\u1ea3n ph\u1ea9m c\u00f3 kh\u1ea3 n\u0103ng ch\u1ecbu nhi\u1ec7t cao, ph\u00f9 h\u1ee3p \u0111i\u1ec1u ki\u1ec7n kh\u00ed h\u1eadu n\u00f3ng. D\u00f9ng n\u01b0\u1edbc l\u00e0m m\u00e1t gi\u00fap xe ho\u1ea1t \u0111\u1ed9ng \u1ed5n \u0111\u1ecbnh trong th\u1eddi gian d\u00e0i. \u0110\u00e2y l\u00e0 s\u1ea3n ph\u1ea9m c\u1ea7n thi\u1ebft \u0111\u1ec3 b\u1ea3o v\u1ec7 \u0111\u1ed9ng c\u01a1 c\u1ee7a b\u1ea1n.<\/p>\n<hr \/>\n<p>&nbsp;<\/p>\n<p><a href=\"https:\/\/chuyendo.vn\/oto\/\"><strong>Chuy\u00ean \u0110\u1ed9<\/strong><\/a> l\u00e0 s\u00e0n th\u01b0\u01a1ng m\u1ea1i \u0111i\u1ec7n t\u1eed h\u00e0ng \u0111\u1ea7u t\u1ea1i Vi\u1ec7t Nam d\u00e0nh cho ng\u01b0\u1eddi y\u00eau xe, chuy\u00ean cung c\u1ea5p ph\u1ee5 ki\u1ec7n \u0111\u1ed9, n\u00e2ng c\u1ea5p, l\u00e0m m\u1edbi, trang tr\u00ed, \u0111\u1ed3 ch\u01a1i xe m\u00e1y v\u00e0 xe \u0111i\u1ec7n. T\u1eebng s\u1ea3n ph\u1ea9m \u0111\u01b0\u1ee3c thi\u1ebft k\u1ebf \u0111\u1ec3 t\u1ed1i \u01b0u t\u00ednh t\u01b0\u01a1ng th\u00edch, hi\u1ec7u su\u1ea5t ho\u1ea1t \u0111\u1ed9ng v\u00e0 ti\u1ec7n l\u1ee3i, d\u1ec5 d\u00e0ng c\u00f3 th\u1ec3 t\u1ef1 l\u1eafp \u0111\u1eb7t. \u0110\u1ed9i ng\u0169 t\u01b0 v\u1ea5n vi\u00ean chuy\u00ean nghi\u1ec7p, s\u1eb5n s\u00e0ng h\u1ed7 tr\u1ee3 kh\u00e1ch h\u00e0ng l\u1ef1a ch\u1ecdn s\u1ea3n ph\u1ea9m ph\u00f9 h\u1ee3p nh\u1ea5t v\u1edbi nhu c\u1ea7u s\u1eed d\u1ee5ng. <a href=\"https:\/\/www.facebook.com\/profile.php?id=61566794691477\" target=\"_blank\" rel=\"noopener\"><strong>Chuy\u00ean \u0110\u1ed9<\/strong><\/a> \u0111\u01b0\u1ee3c x\u00e2y d\u1ef1ng v\u1edbi m\u1ee5c ti\u00eau n\u00e2ng cao an to\u00e0n, n\u00e2ng t\u1ea7m tr\u1ea3i nghi\u1ec7m khi l\u00e1i xe v\u1edbi phong c\u00e1ch ri\u00eang c\u1ee7a t\u1eebng kh\u00e1ch h\u00e0ng.<\/p>\n<p>&nbsp;<\/p>\n<p><strong><a href=\"https:\/\/chuyendo.vn\/oto\/shop\/\"><em>C\u00e1c s\u1ea3n ph\u1ea9m m\u1edbi t\u1ed1i \u01b0u nh\u1ea5t cho xe c\u1ee7a b\u1ea1n.(Nh\u1ea5n \u0110\u1ec3 Xem Chi Ti\u1ebft)<\/em><\/a><\/strong><\/p>\n<div style=\"margin: 20px 0;\"><div class=\"qrcswholewtapper\" style=\"text-align:center;\"><div class=\"qrcprowrapper\"  id=\"qrcwraa2leds\"><div class=\"qrc_canvass\" id=\"qrc_cuttenpages_2\" style=\"display:inline-block\" data-text=\"https:\/\/chuyendo.vn\/oto\/product\/nuoc-lam-mat-may\/\"><\/div><div><a download=\"N\u01af\u1edaC L\u00c0M M\u00c1T M\u00c1Y.png\" class=\"qrcdownloads\" id=\"worign\">\r\n           <button type=\"button\" style=\"min-width:200px;background:#ffffff;color:#dd9933;font-weight: 600;border: 1px solid #dd9933;border-radius:25px;font-size:12px;padding: 6px 0;\" class=\"uqr_code_btn\">Qu\u00e9t M\u00e3 \u0110\u1ec3 Truy C\u1eadp<\/button>\r\n           <\/a><\/div><\/div><\/div><\/div>","protected":false},"excerpt":{"rendered":"<p>N\u01b0\u1edbc l\u00e0m m\u00e1t \u0111\u1ed9ng c\u01a1 gi\u00fap duy tr\u00ec nhi\u1ec7t \u0111\u1ed9 \u1ed5n \u0111\u1ecbnh khi v\u1eadn h\u00e0nh. S\u1ea3n ph\u1ea9m ng\u0103n qu\u00e1 nhi\u1ec7t, b\u1ea3o v\u1ec7 c\u00e1c b\u1ed9 ph\u1eadn quan tr\u1ecdng. N\u01b0\u1edbc l\u00e0m m\u00e1t gi\u00fap k\u00e9o d\u00e0i tu\u1ed5i th\u1ecd \u0111\u1ed9ng c\u01a1 v\u00e0 gi\u1ea3m hao &hellip; <a href=\"https:\/\/chuyendo.vn\/oto\/product\/nuoc-lam-mat-may\/\">Xem Chi Ti\u1ebft<\/a><\/p>\n","protected":false},"featured_media":7793,"comment_status":"open","ping_status":"closed","template":"","meta":[],"product_cat":[5344,5392],"product_tag":[5367,5380,5353,5356,5390,5364,5358,5389,5347,5363,5352,5382,5373,5383,5391,5362,5381,5368,5384,5369,5371,5378,5388,5354,5385,5379,5376,5374,5387,5375,5365,5372,5386,5355,5377,5366,5349,5370,5360,5357,5350,5348,5361,5359,5345,5351,5346],"class_list":{"0":"post-7790","1":"product","2":"type-product","3":"status-publish","4":"has-post-thumbnail","6":"product_cat-san-pham-moi","7":"product_cat-dung-dich","8":"product_tag-nuoc-lam-mat-dong-co-co-anh-huong-den-dong-co-khong","9":"product_tag-nuoc-lam-mat-dong-co-co-anh-huong-den-hieu-suat-xe-khong","10":"product_tag-nuoc-lam-mat-dong-co-co-anh-huong-den-ket-nuoc-khong","11":"product_tag-nuoc-lam-mat-dong-co-co-bao-nhieu-loai","12":"product_tag-nuoc-lam-mat-dong-co-co-bi-dong-can-khong","13":"product_tag-nuoc-lam-mat-dong-co-co-can-pha-loang-khong","14":"product_tag-nuoc-lam-mat-dong-co-co-can-thay-thuong-xuyen-khong","15":"product_tag-nuoc-lam-mat-dong-co-co-can-thay-vao-mua-dong-khong","16":"product_tag-nuoc-lam-mat-dong-co-co-can-thiet-khong","17":"product_tag-nuoc-lam-mat-dong-co-co-chong-bay-hoi-khong","18":"product_tag-nuoc-lam-mat-dong-co-co-chong-dong-can-khong","19":"product_tag-nuoc-lam-mat-dong-co-co-chong-ri-set-khong","20":"product_tag-nuoc-lam-mat-dong-co-co-de-bay-hoi-khong","21":"product_tag-nuoc-lam-mat-dong-co-co-de-mua-khong","22":"product_tag-nuoc-lam-mat-dong-co-co-de-pha-che-khong","23":"product_tag-nuoc-lam-mat-dong-co-co-de-su-dung-khong","24":"product_tag-nuoc-lam-mat-dong-co-co-dung-chung-voi-loai-khac-duoc-khong","25":"product_tag-nuoc-lam-mat-dong-co-co-dung-duoc-cho-xe-con-tay-khong","26":"product_tag-nuoc-lam-mat-dong-co-co-dung-duoc-cho-xe-dien-khong","27":"product_tag-nuoc-lam-mat-dong-co-co-dung-duoc-cho-xe-o-to-khong","28":"product_tag-nuoc-lam-mat-dong-co-co-gay-hai-khong","29":"product_tag-nuoc-lam-mat-dong-co-co-giu-duoc-lau-khong","30":"product_tag-nuoc-lam-mat-dong-co-co-giup-giam-tieng-on-dong-co-khong","31":"product_tag-nuoc-lam-mat-dong-co-co-giup-tiet-kiem-nhien-lieu-khong","32":"product_tag-nuoc-lam-mat-dong-co-co-giup-xe-ben-hon-khong","33":"product_tag-nuoc-lam-mat-dong-co-co-giup-xe-boc-hon-khong","34":"product_tag-nuoc-lam-mat-dong-co-co-giup-xe-mat-hon-khong","35":"product_tag-nuoc-lam-mat-dong-co-co-giup-xe-tiet-kiem-xang-khong","36":"product_tag-nuoc-lam-mat-dong-co-co-hai-den-moi-truong-khong","37":"product_tag-nuoc-lam-mat-dong-co-co-han-che-an-mon-khong","38":"product_tag-nuoc-lam-mat-dong-co-co-lam-hong-ket-nuoc-khong","39":"product_tag-nuoc-lam-mat-dong-co-co-lam-xe-chay-em-hon-khong","40":"product_tag-nuoc-lam-mat-dong-co-co-lam-xe-chay-muot-hon-khong","41":"product_tag-nuoc-lam-mat-dong-co-co-mau-gi","42":"product_tag-nuoc-lam-mat-dong-co-co-mui-khong","43":"product_tag-nuoc-lam-mat-dong-co-co-phu-hop-voi-xe-chay-duong-dai-khong","44":"product_tag-nuoc-lam-mat-dong-co-co-tac-dung-gi","45":"product_tag-nuoc-lam-mat-dong-co-co-thay-the-duoc-dau-nhot-khong","46":"product_tag-nuoc-lam-mat-dong-co-co-thay-the-nuoc-loc-duoc-khong","47":"product_tag-nuoc-lam-mat-dong-co-dung-cho-xe-tay-ga-duoc-khong","48":"product_tag-nuoc-lam-mat-dong-co-gia-bao-nhieu","49":"product_tag-nuoc-lam-mat-dong-co-giup-gi-cho-xe","50":"product_tag-nuoc-lam-mat-dong-co-giup-giam-qua-nhiet-khong","51":"product_tag-nuoc-lam-mat-dong-co-giup-keo-dai-tuoi-tho-may-khong","52":"product_tag-nuoc-lam-mat-dong-co-loai-nao-tot","53":"product_tag-nuoc-lam-mat-dong-co-xe-may-co-khac-o-to-khong","54":"product_tag-nuoc-lam-mat-dong-co-xe-may-gia-re","56":"first","57":"instock","58":"shipping-taxable","59":"purchasable","60":"product-type-variable"},"_links":{"self":[{"href":"https:\/\/chuyendo.vn\/oto\/wp-json\/wp\/v2\/product\/7790","targetHints":{"allow":["GET"]}}],"collection":[{"href":"https:\/\/chuyendo.vn\/oto\/wp-json\/wp\/v2\/product"}],"about":[{"href":"https:\/\/chuyendo.vn\/oto\/wp-json\/wp\/v2\/types\/product"}],"replies":[{"embeddable":true,"href":"https:\/\/chuyendo.vn\/oto\/wp-json\/wp\/v2\/comments?post=7790"}],"wp:featuredmedia":[{"embeddable":true,"href":"https:\/\/chuyendo.vn\/oto\/wp-json\/wp\/v2\/media\/7793"}],"wp:attachment":[{"href":"https:\/\/chuyendo.vn\/oto\/wp-json\/wp\/v2\/media?parent=7790"}],"wp:term":[{"taxonomy":"product_cat","embeddable":true,"href":"https:\/\/chuyendo.vn\/oto\/wp-json\/wp\/v2\/product_cat?post=7790"},{"taxonomy":"product_tag","embeddable":true,"href":"https:\/\/chuyendo.vn\/oto\/wp-json\/wp\/v2\/product_tag?post=7790"}],"curies":[{"name":"wp","href":"https:\/\/api.w.org\/{rel}","templated":true}]}}