{"id":7837,"date":"2025-02-14T01:05:52","date_gmt":"2025-02-14T01:05:52","guid":{"rendered":"https:\/\/chuyendo.vn\/?post_type=product&#038;p=7837"},"modified":"2025-07-05T07:59:20","modified_gmt":"2025-07-05T07:59:20","slug":"dung-dich-tao-lop-nano-be-mat-kinh","status":"publish","type":"product","link":"https:\/\/chuyendo.vn\/oto\/product\/dung-dich-tao-lop-nano-be-mat-kinh\/","title":{"rendered":"DUNG D\u1ecaCH T\u1ea0O L\u1edaP NANO B\u1ec0 M\u1eb6T K\u00cdNH"},"content":{"rendered":"<p data-start=\"326\" data-end=\"1261\">Dung d\u1ecbch t\u1ea1o l\u1edbp nano b\u1ec1 m\u1eb7t k\u00ednh gi\u00fap b\u1ea3o v\u1ec7 k\u00ednh hi\u1ec7u qu\u1ea3. S\u1ea3n ph\u1ea9m t\u1ea1o l\u1edbp ph\u1ee7 nano ch\u1ed1ng b\u00e1m n\u01b0\u1edbc, b\u1ee5i v\u00e0 d\u1ea7u m\u1ee1. L\u1edbp nano gi\u00fap n\u01b0\u1edbc m\u01b0a tr\u00f4i nhanh, gi\u1eef k\u00ednh trong su\u1ed1t khi l\u00e1i xe. Dung d\u1ecbch nano k\u00ednh gi\u00fap h\u1ea1n ch\u1ebf tr\u1ea7y x\u01b0\u1edbc v\u00e0 m\u1edd k\u00ednh sau th\u1eddi gian d\u00e0i. Khi s\u1eed d\u1ee5ng, ch\u1ec9 c\u1ea7n x\u1ecbt l\u00ean k\u00ednh v\u00e0 lau \u0111\u1ec1u b\u1ec1 m\u1eb7t. S\u1ea3n ph\u1ea9m gi\u00fap ti\u1ebft ki\u1ec7m th\u1eddi gian v\u1ec7 sinh k\u00ednh xe. Ph\u00f9 h\u1ee3p cho \u00f4 t\u00f4, xe m\u00e1y v\u00e0 c\u00e1c b\u1ec1 m\u1eb7t k\u00ednh kh\u00e1c. L\u1edbp ph\u1ee7 nano b\u1ea3o v\u1ec7 k\u00ednh kh\u1ecfi tia UV v\u00e0 t\u00e1c \u0111\u1ed9ng m\u00f4i tr\u01b0\u1eddng. C\u00f4ng th\u1ee9c an to\u00e0n, kh\u00f4ng \u0103n m\u00f2n v\u00e0 kh\u00f4ng \u0111\u1ec3 l\u1ea1i v\u1ec7t. L\u00e1i xe an to\u00e0n h\u01a1n khi \u0111i d\u01b0\u1edbi m\u01b0a. S\u1ea3n ph\u1ea9m kh\u00f4 nhanh, kh\u00f4ng b\u1ebft d\u00ednh v\u00e0 d\u1ec5 lau s\u1ea1ch. Khi ph\u1ee7 nano, k\u00ednh lu\u00f4n s\u00e1ng b\u00f3ng v\u00e0 gi\u1ea3m b\u00e1m b\u1ea9n \u0111\u00e1ng k\u1ec3. Dung d\u1ecbch t\u1ea1o l\u1edbp nano b\u1ec1 m\u1eb7t k\u00ednh gi\u00fap ch\u1ed1ng b\u00e1m s\u01b0\u01a1ng khi tr\u1eddi l\u1ea1nh. \u0110\u00e2y l\u00e0 s\u1ea3n ph\u1ea9m c\u1ea7n thi\u1ebft \u0111\u1ec3 gi\u1eef k\u00ednh xe lu\u00f4n trong su\u1ed1t v\u00e0 s\u1ea1ch \u0111\u1eb9p. Dung d\u1ecbch nano k\u00ednh l\u00e0 l\u1ef1a ch\u1ecdn ho\u00e0n h\u1ea3o cho vi\u1ec7c ch\u0103m s\u00f3c v\u00e0 b\u1ea3o v\u1ec7 k\u00ednh.<\/p>\n<hr \/>\n<p>&nbsp;<\/p>\n<p><a href=\"https:\/\/chuyendo.vn\/oto\/\"><strong>Chuy\u00ean \u0110\u1ed9<\/strong><\/a> l\u00e0 s\u00e0n th\u01b0\u01a1ng m\u1ea1i \u0111i\u1ec7n t\u1eed h\u00e0ng \u0111\u1ea7u t\u1ea1i Vi\u1ec7t Nam d\u00e0nh cho ng\u01b0\u1eddi y\u00eau xe, chuy\u00ean cung c\u1ea5p ph\u1ee5 ki\u1ec7n \u0111\u1ed9, n\u00e2ng c\u1ea5p, l\u00e0m m\u1edbi, trang tr\u00ed, \u0111\u1ed3 ch\u01a1i xe m\u00e1y v\u00e0 xe \u0111i\u1ec7n. T\u1eebng s\u1ea3n ph\u1ea9m \u0111\u01b0\u1ee3c thi\u1ebft k\u1ebf \u0111\u1ec3 t\u1ed1i \u01b0u t\u00ednh t\u01b0\u01a1ng th\u00edch, hi\u1ec7u su\u1ea5t ho\u1ea1t \u0111\u1ed9ng v\u00e0 ti\u1ec7n l\u1ee3i, d\u1ec5 d\u00e0ng c\u00f3 th\u1ec3 t\u1ef1 l\u1eafp \u0111\u1eb7t. \u0110\u1ed9i ng\u0169 t\u01b0 v\u1ea5n vi\u00ean chuy\u00ean nghi\u1ec7p, s\u1eb5n s\u00e0ng h\u1ed7 tr\u1ee3 kh\u00e1ch h\u00e0ng l\u1ef1a ch\u1ecdn s\u1ea3n ph\u1ea9m ph\u00f9 h\u1ee3p nh\u1ea5t v\u1edbi nhu c\u1ea7u s\u1eed d\u1ee5ng. <a href=\"https:\/\/www.facebook.com\/profile.php?id=61566794691477\" target=\"_blank\" rel=\"noopener\"><strong>Chuy\u00ean \u0110\u1ed9<\/strong><\/a> \u0111\u01b0\u1ee3c x\u00e2y d\u1ef1ng v\u1edbi m\u1ee5c ti\u00eau n\u00e2ng cao an to\u00e0n, n\u00e2ng t\u1ea7m tr\u1ea3i nghi\u1ec7m khi l\u00e1i xe v\u1edbi phong c\u00e1ch ri\u00eang c\u1ee7a t\u1eebng kh\u00e1ch h\u00e0ng.<\/p>\n<p>&nbsp;<\/p>\n<p><strong><a href=\"https:\/\/chuyendo.vn\/oto\/shop\/\"><em>C\u00e1c s\u1ea3n ph\u1ea9m m\u1edbi t\u1ed1i \u01b0u nh\u1ea5t cho xe c\u1ee7a b\u1ea1n.(Nh\u1ea5n \u0110\u1ec3 Xem Chi Ti\u1ebft)<\/em><\/a><\/strong><\/p>\n<div style=\"margin: 20px 0;\"><div class=\"qrcswholewtapper\" style=\"text-align:center;\"><div class=\"qrcprowrapper\"  id=\"qrcwraa2leds\"><div class=\"qrc_canvass\" id=\"qrc_cuttenpages_2\" style=\"display:inline-block\" data-text=\"https:\/\/chuyendo.vn\/oto\/product\/dung-dich-tao-lop-nano-be-mat-kinh\/\"><\/div><div><a download=\"DUNG D\u1ecaCH T\u1ea0O L\u1edaP NANO B\u1ec0 M\u1eb6T K\u00cdNH.png\" class=\"qrcdownloads\" id=\"worign\">\r\n           <button type=\"button\" style=\"min-width:200px;background:#ffffff;color:#dd9933;font-weight: 600;border: 1px solid #dd9933;border-radius:25px;font-size:12px;padding: 6px 0;\" class=\"uqr_code_btn\">Qu\u00e9t M\u00e3 \u0110\u1ec3 Truy C\u1eadp<\/button>\r\n           <\/a><\/div><\/div><\/div><\/div>","protected":false},"excerpt":{"rendered":"<p>Dung d\u1ecbch t\u1ea1o l\u1edbp nano b\u1ec1 m\u1eb7t k\u00ednh gi\u00fap b\u1ea3o v\u1ec7 k\u00ednh hi\u1ec7u qu\u1ea3. S\u1ea3n ph\u1ea9m t\u1ea1o l\u1edbp ph\u1ee7 nano ch\u1ed1ng b\u00e1m n\u01b0\u1edbc, b\u1ee5i v\u00e0 d\u1ea7u m\u1ee1. L\u1edbp nano gi\u00fap n\u01b0\u1edbc m\u01b0a tr\u00f4i nhanh, gi\u1eef k\u00ednh trong su\u1ed1t khi l\u00e1i &hellip; <a href=\"https:\/\/chuyendo.vn\/oto\/product\/dung-dich-tao-lop-nano-be-mat-kinh\/\">Xem Chi Ti\u1ebft<\/a><\/p>\n","protected":false},"featured_media":7841,"comment_status":"open","ping_status":"closed","template":"","meta":[],"product_cat":[5344,5392],"product_tag":[5816,5790,5779,5797,5815,5801,5776,5811,5820,5795,5791,5783,5807,5805,5786,5803,5793,5818,5777,5788,5778,5821,5812,5798,5784,5814,5800,5782,5802,5806,5780,5781,5799,5809,5792,5794,5813,5785,5796,5819,5810,5789,5804,5817,5787,5808,5775,5774],"class_list":{"0":"post-7837","1":"product","2":"type-product","3":"status-publish","4":"has-post-thumbnail","6":"product_cat-san-pham-moi","7":"product_cat-dung-dich","8":"product_tag-dung-dich-nano-kinh-co-an-toan-cho-moi-truong-khong","9":"product_tag-dung-dich-nano-kinh-co-an-toan-cho-nguoi-su-dung-khong","10":"product_tag-dung-dich-nano-kinh-co-an-toan-khong","11":"product_tag-dung-dich-nano-kinh-co-anh-huong-den-kinh-khong","12":"product_tag-dung-dich-nano-kinh-co-bao-ve-kinh-lau-dai-khong","13":"product_tag-dung-dich-nano-kinh-co-bao-ve-kinh-xe-khong","14":"product_tag-dung-dich-nano-kinh-co-ben-khong","15":"product_tag-dung-dich-nano-kinh-co-can-bao-quan-dac-biet-khong","16":"product_tag-dung-dich-nano-kinh-co-can-dung-nhieu-khong","17":"product_tag-dung-dich-nano-kinh-co-can-dung-thuong-xuyen-khong","18":"product_tag-dung-dich-nano-kinh-co-can-lau-lai-khong","19":"product_tag-dung-dich-nano-kinh-co-chong-bam-bui-khong","20":"product_tag-dung-dich-nano-kinh-co-chong-bam-cat-khong","21":"product_tag-dung-dich-nano-kinh-co-chong-bam-con-trung-khong","22":"product_tag-dung-dich-nano-kinh-co-chong-bam-dau-khong","23":"product_tag-dung-dich-nano-kinh-co-chong-bam-nuoc-lau-khong","24":"product_tag-dung-dich-nano-kinh-co-chong-bam-suong-khong","25":"product_tag-dung-dich-nano-kinh-co-chong-dong-nuoc-khong","26":"product_tag-dung-dich-nano-kinh-co-chong-nuoc-khong","27":"product_tag-dung-dich-nano-kinh-co-chong-tia-uv-khong","28":"product_tag-dung-dich-nano-kinh-co-chong-tray-khong","29":"product_tag-dung-dich-nano-kinh-co-de-bao-quan-khong","30":"product_tag-dung-dich-nano-kinh-co-de-lau-khong","31":"product_tag-dung-dich-nano-kinh-co-de-mua-khong","32":"product_tag-dung-dich-nano-kinh-co-de-su-dung-khong","33":"product_tag-dung-dich-nano-kinh-co-dung-cho-kinh-camera-khong","34":"product_tag-dung-dich-nano-kinh-co-dung-cho-kinh-cua-so-khong","35":"product_tag-dung-dich-nano-kinh-co-dung-cho-kinh-lai-khong","36":"product_tag-dung-dich-nano-kinh-co-dung-cho-kinh-mu-bao-hiem-khong","37":"product_tag-dung-dich-nano-kinh-co-dung-cho-kinh-noi-that-khong","38":"product_tag-dung-dich-nano-kinh-co-dung-cho-o-to-khong","39":"product_tag-dung-dich-nano-kinh-co-dung-cho-xe-may-khong","40":"product_tag-dung-dich-nano-kinh-co-gia-hop-ly-khong","41":"product_tag-dung-dich-nano-kinh-co-giu-kinh-sach-lau-khong","42":"product_tag-dung-dich-nano-kinh-co-giu-lop-phu-lau-khong","43":"product_tag-dung-dich-nano-kinh-co-giup-lai-xe-an-toan-khong","44":"product_tag-dung-dich-nano-kinh-co-hai-da-tay-khong","45":"product_tag-dung-dich-nano-kinh-co-kho-nhanh-khong","46":"product_tag-dung-dich-nano-kinh-co-lam-bong-kinh-khong","47":"product_tag-dung-dich-nano-kinh-co-lam-hai-lop-son-khong","48":"product_tag-dung-dich-nano-kinh-co-lam-mat-tam-nhin-khong","49":"product_tag-dung-dich-nano-kinh-co-lam-mo-kinh-khong","50":"product_tag-dung-dich-nano-kinh-co-lam-sach-kinh-khong","51":"product_tag-dung-dich-nano-kinh-co-loai-bo-vet-ban-khong","52":"product_tag-dung-dich-nano-kinh-co-phu-hop-cho-moi-loai-kinh-khong","53":"product_tag-dung-dich-nano-kinh-co-phu-hop-cho-xe-dien-khong","54":"product_tag-dung-dich-nano-kinh-gia-bao-nhieu","55":"product_tag-dung-dich-nano-kinh-loai-nao-tot","57":"first","58":"instock","59":"shipping-taxable","60":"purchasable","61":"product-type-variable"},"_links":{"self":[{"href":"https:\/\/chuyendo.vn\/oto\/wp-json\/wp\/v2\/product\/7837","targetHints":{"allow":["GET"]}}],"collection":[{"href":"https:\/\/chuyendo.vn\/oto\/wp-json\/wp\/v2\/product"}],"about":[{"href":"https:\/\/chuyendo.vn\/oto\/wp-json\/wp\/v2\/types\/product"}],"replies":[{"embeddable":true,"href":"https:\/\/chuyendo.vn\/oto\/wp-json\/wp\/v2\/comments?post=7837"}],"wp:featuredmedia":[{"embeddable":true,"href":"https:\/\/chuyendo.vn\/oto\/wp-json\/wp\/v2\/media\/7841"}],"wp:attachment":[{"href":"https:\/\/chuyendo.vn\/oto\/wp-json\/wp\/v2\/media?parent=7837"}],"wp:term":[{"taxonomy":"product_cat","embeddable":true,"href":"https:\/\/chuyendo.vn\/oto\/wp-json\/wp\/v2\/product_cat?post=7837"},{"taxonomy":"product_tag","embeddable":true,"href":"https:\/\/chuyendo.vn\/oto\/wp-json\/wp\/v2\/product_tag?post=7837"}],"curies":[{"name":"wp","href":"https:\/\/api.w.org\/{rel}","templated":true}]}}