{"id":7941,"date":"2025-02-18T01:22:50","date_gmt":"2025-02-18T01:22:50","guid":{"rendered":"https:\/\/chuyendo.vn\/?post_type=product&#038;p=7941"},"modified":"2025-07-06T07:03:50","modified_gmt":"2025-07-06T07:03:50","slug":"gang-tay-rua-xe-xuc-tua-2-mat","status":"publish","type":"product","link":"https:\/\/chuyendo.vn\/oto\/product\/gang-tay-rua-xe-xuc-tua-2-mat\/","title":{"rendered":"G\u0102NG TAY R\u1eecA XE X\u00daC TUA 2 M\u1eb6T"},"content":{"rendered":"<p data-start=\"329\" data-end=\"1304\">G\u0103ng tay x\u00fac tua 2 m\u1eb7t gi\u00fap v\u1ec7 sinh xe hi\u1ec7u qu\u1ea3 v\u00e0 ti\u1ec7n l\u1ee3i. S\u1ea3n ph\u1ea9m c\u00f3 hai m\u1eb7t x\u00fac tua m\u1ec1m m\u1ea1i, gi\u00fap lo\u1ea1i b\u1ecf b\u1ee5i b\u1ea9n d\u1ec5 d\u00e0ng. Ch\u1ea5t li\u1ec7u microfiber cao c\u1ea5p gi\u00fap th\u1ea5m h\u00fat n\u01b0\u1edbc nhanh v\u00e0 kh\u00f4ng l\u00e0m tr\u1ea7y x\u01b0\u1edbc. Khi s\u1eed d\u1ee5ng, ch\u1ec9 c\u1ea7n \u0111eo g\u0103ng tay v\u00e0 lau nh\u1eb9 l\u00ean b\u1ec1 m\u1eb7t. G\u0103ng tay x\u00fac tua ph\u00f9 h\u1ee3p \u0111\u1ec3 v\u1ec7 sinh xe h\u01a1i, xe m\u00e1y v\u00e0 n\u1ed9i th\u1ea5t. S\u1ea3n ph\u1ea9m c\u00f3 \u0111\u1ed9 b\u1ec1n cao, c\u00f3 th\u1ec3 gi\u1eb7t v\u00e0 t\u00e1i s\u1eed d\u1ee5ng nhi\u1ec1u l\u1ea7n. G\u0103ng tay x\u00fac tua gi\u00fap ti\u1ebft ki\u1ec7m th\u1eddi gian v\u00e0 c\u00f4ng s\u1ee9c khi r\u1eeda xe. S\u1ea3n ph\u1ea9m th\u1ea5m h\u00fat n\u01b0\u1edbc t\u1ed1t, gi\u1eef b\u1ee5i b\u1ea9n kh\u00f4ng bay ng\u01b0\u1ee3c l\u00ean xe. Thi\u1ebft k\u1ebf \u00f4m s\u00e1t tay gi\u00fap \u0111i\u1ec1u khi\u1ec3n d\u1ec5 d\u00e0ng khi v\u1ec7 sinh. G\u0103ng tay x\u00fac tua ph\u00f9 h\u1ee3p cho c\u1ea3 r\u1eeda kh\u00f4 v\u00e0 \u01b0\u1edbt, ti\u1ec7n d\u1ee5ng \u0111a n\u0103ng. S\u1ea3n ph\u1ea9m gi\u00fap b\u1ea3o v\u1ec7 l\u1edbp s\u01a1n xe, gi\u1ea3m tr\u1ea7y x\u01b0\u1edbc v\u00e0 ch\u1ed1ng b\u00e1m b\u1ee5i. G\u0103ng tay x\u00fac tua nh\u1eb9, m\u1ec1m m\u1ea1i, kh\u00f4ng g\u00e2y k\u00edch \u1ee9ng da tay khi s\u1eed d\u1ee5ng. Khi d\u00f9ng th\u01b0\u1eddng xuy\u00ean, xe lu\u00f4n s\u1ea1ch s\u1ebd v\u00e0 s\u00e1ng b\u00f3ng nh\u01b0 m\u1edbi. \u0110\u00e2y l\u00e0 d\u1ee5ng c\u1ee5 kh\u00f4ng th\u1ec3 thi\u1ebfu cho nh\u1eefng ai y\u00eau th\u00edch ch\u0103m s\u00f3c xe. G\u0103ng tay x\u00fac tua 2 m\u1eb7t l\u00e0 l\u1ef1a ch\u1ecdn t\u1ed1i \u01b0u \u0111\u1ec3 gi\u1eef xe lu\u00f4n s\u1ea1ch \u0111\u1eb9p.<\/p>\n<hr \/>\n<p>&nbsp;<\/p>\n<p><a href=\"https:\/\/chuyendo.vn\/oto\/\"><strong>Chuy\u00ean \u0110\u1ed9<\/strong><\/a> l\u00e0 s\u00e0n th\u01b0\u01a1ng m\u1ea1i \u0111i\u1ec7n t\u1eed h\u00e0ng \u0111\u1ea7u t\u1ea1i Vi\u1ec7t Nam d\u00e0nh cho ng\u01b0\u1eddi y\u00eau xe, chuy\u00ean cung c\u1ea5p ph\u1ee5 ki\u1ec7n \u0111\u1ed9, n\u00e2ng c\u1ea5p, l\u00e0m m\u1edbi, trang tr\u00ed, \u0111\u1ed3 ch\u01a1i xe m\u00e1y v\u00e0 xe \u0111i\u1ec7n. T\u1eebng s\u1ea3n ph\u1ea9m \u0111\u01b0\u1ee3c thi\u1ebft k\u1ebf \u0111\u1ec3 t\u1ed1i \u01b0u t\u00ednh t\u01b0\u01a1ng th\u00edch, hi\u1ec7u su\u1ea5t ho\u1ea1t \u0111\u1ed9ng v\u00e0 ti\u1ec7n l\u1ee3i, d\u1ec5 d\u00e0ng c\u00f3 th\u1ec3 t\u1ef1 l\u1eafp \u0111\u1eb7t. \u0110\u1ed9i ng\u0169 t\u01b0 v\u1ea5n vi\u00ean chuy\u00ean nghi\u1ec7p, s\u1eb5n s\u00e0ng h\u1ed7 tr\u1ee3 kh\u00e1ch h\u00e0ng l\u1ef1a ch\u1ecdn s\u1ea3n ph\u1ea9m ph\u00f9 h\u1ee3p nh\u1ea5t v\u1edbi nhu c\u1ea7u s\u1eed d\u1ee5ng. <a href=\"https:\/\/www.facebook.com\/profile.php?id=61566794691477\" target=\"_blank\" rel=\"noopener\"><strong>Chuy\u00ean \u0110\u1ed9<\/strong><\/a> \u0111\u01b0\u1ee3c x\u00e2y d\u1ef1ng v\u1edbi m\u1ee5c ti\u00eau n\u00e2ng cao an to\u00e0n, n\u00e2ng t\u1ea7m tr\u1ea3i nghi\u1ec7m khi l\u00e1i xe v\u1edbi phong c\u00e1ch ri\u00eang c\u1ee7a t\u1eebng kh\u00e1ch h\u00e0ng.<\/p>\n<p>&nbsp;<\/p>\n<p><strong><a href=\"https:\/\/chuyendo.vn\/oto\/shop\/\"><em>C\u00e1c s\u1ea3n ph\u1ea9m m\u1edbi t\u1ed1i \u01b0u nh\u1ea5t cho xe c\u1ee7a b\u1ea1n.(Nh\u1ea5n \u0110\u1ec3 Xem Chi Ti\u1ebft)<\/em><\/a><\/strong><\/p>\n<div style=\"margin: 20px 0;\"><div class=\"qrcswholewtapper\" style=\"text-align:center;\"><div class=\"qrcprowrapper\"  id=\"qrcwraa2leds\"><div class=\"qrc_canvass\" id=\"qrc_cuttenpages_2\" style=\"display:inline-block\" data-text=\"https:\/\/chuyendo.vn\/oto\/product\/gang-tay-rua-xe-xuc-tua-2-mat\/\"><\/div><div><a download=\"G\u0102NG TAY R\u1eecA XE X\u00daC TUA 2 M\u1eb6T.png\" class=\"qrcdownloads\" id=\"worign\">\r\n           <button type=\"button\" style=\"min-width:200px;background:#ffffff;color:#dd9933;font-weight: 600;border: 1px solid #dd9933;border-radius:25px;font-size:12px;padding: 6px 0;\" class=\"uqr_code_btn\">Qu\u00e9t M\u00e3 \u0110\u1ec3 Truy C\u1eadp<\/button>\r\n           <\/a><\/div><\/div><\/div><\/div>","protected":false},"excerpt":{"rendered":"<p>G\u0103ng tay x\u00fac tua 2 m\u1eb7t gi\u00fap v\u1ec7 sinh xe hi\u1ec7u qu\u1ea3 v\u00e0 ti\u1ec7n l\u1ee3i. S\u1ea3n ph\u1ea9m c\u00f3 hai m\u1eb7t x\u00fac tua m\u1ec1m m\u1ea1i, gi\u00fap lo\u1ea1i b\u1ecf b\u1ee5i b\u1ea9n d\u1ec5 d\u00e0ng. Ch\u1ea5t li\u1ec7u microfiber cao c\u1ea5p gi\u00fap th\u1ea5m h\u00fat n\u01b0\u1edbc &hellip; <a href=\"https:\/\/chuyendo.vn\/oto\/product\/gang-tay-rua-xe-xuc-tua-2-mat\/\">Xem Chi Ti\u1ebft<\/a><\/p>\n","protected":false},"featured_media":7981,"comment_status":"open","ping_status":"closed","template":"","meta":[],"product_cat":[6080,5344],"product_tag":[],"class_list":{"0":"post-7941","1":"product","2":"type-product","3":"status-publish","4":"has-post-thumbnail","6":"product_cat-dung-cu","7":"product_cat-san-pham-moi","9":"first","10":"instock","11":"shipping-taxable","12":"purchasable","13":"product-type-simple"},"_links":{"self":[{"href":"https:\/\/chuyendo.vn\/oto\/wp-json\/wp\/v2\/product\/7941","targetHints":{"allow":["GET"]}}],"collection":[{"href":"https:\/\/chuyendo.vn\/oto\/wp-json\/wp\/v2\/product"}],"about":[{"href":"https:\/\/chuyendo.vn\/oto\/wp-json\/wp\/v2\/types\/product"}],"replies":[{"embeddable":true,"href":"https:\/\/chuyendo.vn\/oto\/wp-json\/wp\/v2\/comments?post=7941"}],"wp:featuredmedia":[{"embeddable":true,"href":"https:\/\/chuyendo.vn\/oto\/wp-json\/wp\/v2\/media\/7981"}],"wp:attachment":[{"href":"https:\/\/chuyendo.vn\/oto\/wp-json\/wp\/v2\/media?parent=7941"}],"wp:term":[{"taxonomy":"product_cat","embeddable":true,"href":"https:\/\/chuyendo.vn\/oto\/wp-json\/wp\/v2\/product_cat?post=7941"},{"taxonomy":"product_tag","embeddable":true,"href":"https:\/\/chuyendo.vn\/oto\/wp-json\/wp\/v2\/product_tag?post=7941"}],"curies":[{"name":"wp","href":"https:\/\/api.w.org\/{rel}","templated":true}]}}