{"id":8001,"date":"2025-02-22T07:21:00","date_gmt":"2025-02-22T07:21:00","guid":{"rendered":"https:\/\/chuyendo.vn\/?post_type=product&#038;p=8001"},"modified":"2025-02-23T07:18:05","modified_gmt":"2025-02-23T07:18:05","slug":"binh-tao-bot-tuyet-co-coc-do-dinh-luong","status":"publish","type":"product","link":"https:\/\/chuyendo.vn\/oto\/product\/binh-tao-bot-tuyet-co-coc-do-dinh-luong\/","title":{"rendered":"B\u00ccNH T\u1ea0O B\u1eccT TUY\u1ebeT, C\u00d3 C\u1ed0C \u0110O \u0110\u1ecaNH L\u01af\u1ee2NG"},"content":{"rendered":"<p>.B\u00ecnh t\u1ea1o b\u1ecdt tuy\u1ebft \u0111o l\u01b0\u1ee3ng gi\u00fap r\u1eeda xe nhanh v\u00e0 hi\u1ec7u qu\u1ea3. S\u1ea3n ph\u1ea9m t\u1ea1o b\u1ecdt d\u00e0y, b\u00e1m l\u00e2u tr\u00ean b\u1ec1 m\u1eb7t. Thi\u1ebft k\u1ebf k\u00e8m c\u1ed1c \u0111o gi\u00fap pha dung d\u1ecbch ch\u00ednh x\u00e1c. Ch\u1ea5t li\u1ec7u cao c\u1ea5p, b\u1ec1n, ch\u1ecbu l\u1ef1c t\u1ed1t. B\u00ecnh c\u00f3 van \u0111i\u1ec1u ch\u1ec9nh \u00e1p su\u1ea5t d\u1ec5 d\u00e0ng. Dung t\u00edch l\u1edbn, ph\u00f9 h\u1ee3p r\u1eeda xe m\u00e1y, \u00f4 t\u00f4. \u0110\u1ea7u phun m\u1ea1nh, gi\u00fap l\u00e0m s\u1ea1ch nhanh ch\u00f3ng. Tay c\u1ea7m ch\u1eafc ch\u1eafn, ch\u1ed1ng tr\u01a1n tr\u01b0\u1ee3t. B\u00ecnh t\u1ea1o b\u1ecdt tuy\u1ebft \u0111o l\u01b0\u1ee3ng gi\u00fap ti\u1ebft ki\u1ec7m dung d\u1ecbch r\u1eeda xe. S\u1ea3n ph\u1ea9m l\u00fd t\u01b0\u1edfng cho gia \u0111\u00ecnh v\u00e0 ti\u1ec7m r\u1eeda xe. Chuy\u00ean \u0110\u1ed9 cung c\u1ea5p b\u00ecnh t\u1ea1o b\u1ecdt ch\u1ea5t l\u01b0\u1ee3ng cao.<\/p>\n<hr \/>\n<p>&nbsp;<\/p>\n<p><a href=\"https:\/\/chuyendo.vn\/oto\/\"><strong>Chuy\u00ean \u0110\u1ed9<\/strong><\/a> l\u00e0 s\u00e0n th\u01b0\u01a1ng m\u1ea1i \u0111i\u1ec7n t\u1eed h\u00e0ng \u0111\u1ea7u t\u1ea1i Vi\u1ec7t Nam d\u00e0nh cho ng\u01b0\u1eddi y\u00eau xe, chuy\u00ean cung c\u1ea5p ph\u1ee5 ki\u1ec7n \u0111\u1ed9, n\u00e2ng c\u1ea5p, l\u00e0m m\u1edbi, trang tr\u00ed, \u0111\u1ed3 ch\u01a1i xe m\u00e1y v\u00e0 xe \u0111i\u1ec7n. T\u1eebng s\u1ea3n ph\u1ea9m \u0111\u01b0\u1ee3c thi\u1ebft k\u1ebf \u0111\u1ec3 t\u1ed1i \u01b0u t\u00ednh t\u01b0\u01a1ng th\u00edch, hi\u1ec7u su\u1ea5t ho\u1ea1t \u0111\u1ed9ng v\u00e0 ti\u1ec7n l\u1ee3i, d\u1ec5 d\u00e0ng c\u00f3 th\u1ec3 t\u1ef1 l\u1eafp \u0111\u1eb7t. \u0110\u1ed9i ng\u0169 t\u01b0 v\u1ea5n vi\u00ean chuy\u00ean nghi\u1ec7p, s\u1eb5n s\u00e0ng h\u1ed7 tr\u1ee3 kh\u00e1ch h\u00e0ng l\u1ef1a ch\u1ecdn s\u1ea3n ph\u1ea9m ph\u00f9 h\u1ee3p nh\u1ea5t v\u1edbi nhu c\u1ea7u s\u1eed d\u1ee5ng. <a href=\"https:\/\/www.facebook.com\/profile.php?id=61566794691477\" target=\"_blank\" rel=\"noopener\"><strong>Chuy\u00ean \u0110\u1ed9<\/strong><\/a> \u0111\u01b0\u1ee3c x\u00e2y d\u1ef1ng v\u1edbi m\u1ee5c ti\u00eau n\u00e2ng cao an to\u00e0n, n\u00e2ng t\u1ea7m tr\u1ea3i nghi\u1ec7m khi l\u00e1i xe v\u1edbi phong c\u00e1ch ri\u00eang c\u1ee7a t\u1eebng kh\u00e1ch h\u00e0ng.<\/p>\n<p>&nbsp;<\/p>\n<p><strong><a href=\"https:\/\/chuyendo.vn\/oto\/shop\/\"><em>C\u00e1c s\u1ea3n ph\u1ea9m m\u1edbi t\u1ed1i \u01b0u nh\u1ea5t cho xe c\u1ee7a b\u1ea1n.(Nh\u1ea5n \u0110\u1ec3 Xem Chi Ti\u1ebft)<\/em><\/a><\/strong><\/p>\n<div style=\"margin: 20px 0;\"><div class=\"qrcswholewtapper\" style=\"text-align:center;\"><div class=\"qrcprowrapper\"  id=\"qrcwraa2leds\"><div class=\"qrc_canvass\" id=\"qrc_cuttenpages_2\" style=\"display:inline-block\" data-text=\"https:\/\/chuyendo.vn\/oto\/product\/binh-tao-bot-tuyet-co-coc-do-dinh-luong\/\"><\/div><div><a download=\"B\u00ccNH T\u1ea0O B\u1eccT TUY\u1ebeT, C\u00d3 C\u1ed0C \u0110O \u0110\u1ecaNH L\u01af\u1ee2NG.png\" class=\"qrcdownloads\" id=\"worign\">\r\n           <button type=\"button\" style=\"min-width:200px;background:#ffffff;color:#dd9933;font-weight: 600;border: 1px solid #dd9933;border-radius:25px;font-size:12px;padding: 6px 0;\" class=\"uqr_code_btn\">Qu\u00e9t M\u00e3 \u0110\u1ec3 Truy C\u1eadp<\/button>\r\n           <\/a><\/div><\/div><\/div><\/div>","protected":false},"excerpt":{"rendered":"<p>.B\u00ecnh t\u1ea1o b\u1ecdt tuy\u1ebft \u0111o l\u01b0\u1ee3ng gi\u00fap r\u1eeda xe nhanh v\u00e0 hi\u1ec7u qu\u1ea3. S\u1ea3n ph\u1ea9m t\u1ea1o b\u1ecdt d\u00e0y, b\u00e1m l\u00e2u tr\u00ean b\u1ec1 m\u1eb7t. Thi\u1ebft k\u1ebf k\u00e8m c\u1ed1c \u0111o gi\u00fap pha dung d\u1ecbch ch\u00ednh x\u00e1c. Ch\u1ea5t li\u1ec7u cao c\u1ea5p, b\u1ec1n, ch\u1ecbu &hellip; <a href=\"https:\/\/chuyendo.vn\/oto\/product\/binh-tao-bot-tuyet-co-coc-do-dinh-luong\/\">Xem Chi Ti\u1ebft<\/a><\/p>\n","protected":false},"featured_media":8041,"comment_status":"open","ping_status":"closed","template":"","meta":[],"product_cat":[5344,6080],"product_tag":[6341,6323,6332,6330,6320,6350,6322,6343,6327,6355,6347,6324,6318,6361,6321,6348,6345,6325,6358,6314,6331,6319,6357,6340,6349,6344,6333,6360,6342,6316,6339,6359,6315,6337,6351,6334,6329,6362,6356,6326,6328,6338,6346,6335,6353,6352,6317,6336,6354],"class_list":{"0":"post-8001","1":"product","2":"type-product","3":"status-publish","4":"has-post-thumbnail","6":"product_cat-san-pham-moi","7":"product_cat-dung-cu","8":"product_tag-binh-tao-bot-tuyet-ap-luc-cao","9":"product_tag-binh-tao-bot-tuyet-ben-bi","10":"product_tag-binh-tao-bot-tuyet-ben-chac","11":"product_tag-binh-tao-bot-tuyet-cam-tay","12":"product_tag-binh-tao-bot-tuyet-cao-cap","13":"product_tag-binh-tao-bot-tuyet-chat-luong-cao","14":"product_tag-binh-tao-bot-tuyet-chinh-hang","15":"product_tag-binh-tao-bot-tuyet-chiu-luc","16":"product_tag-binh-tao-bot-tuyet-cho-tiem-rua-xe","17":"product_tag-binh-tao-bot-tuyet-cho-xe-mo-to","18":"product_tag-binh-tao-bot-tuyet-cho-xe-tay-ga","19":"product_tag-binh-tao-bot-tuyet-chong-tron","20":"product_tag-binh-tao-bot-tuyet-chuyen-dung","21":"product_tag-binh-tao-bot-tuyet-chuyen-nghiep","22":"product_tag-binh-tao-bot-tuyet-co-coc-do","23":"product_tag-binh-tao-bot-tuyet-co-dau-phun-manh","24":"product_tag-binh-tao-bot-tuyet-de-bao-quan","25":"product_tag-binh-tao-bot-tuyet-de-su-dung","26":"product_tag-binh-tao-bot-tuyet-de-thao-tac","27":"product_tag-binh-tao-bot-tuyet-do-luong","28":"product_tag-binh-tao-bot-tuyet-dung-tich-lon","29":"product_tag-binh-tao-bot-tuyet-gia-re","30":"product_tag-binh-tao-bot-tuyet-gia-tot","31":"product_tag-binh-tao-bot-tuyet-giup-rua-xe-nhanh","32":"product_tag-binh-tao-bot-tuyet-giup-tiet-kiem-xa-phong","33":"product_tag-binh-tao-bot-tuyet-gon-nhe","34":"product_tag-binh-tao-bot-tuyet-khong-ro-ri","35":"product_tag-binh-tao-bot-tuyet-lam-sach-nhanh","36":"product_tag-binh-tao-bot-tuyet-nho-gon","37":"product_tag-binh-tao-bot-tuyet-o-to","38":"product_tag-binh-tao-bot-tuyet-pha-dung-dich-chuan","39":"product_tag-binh-tao-bot-tuyet-phu-hop-moi-loai-xe","40":"product_tag-binh-tao-bot-tuyet-rua-xe","41":"product_tag-binh-tao-bot-tuyet-rua-xe-may-hieu-qua","42":"product_tag-binh-tao-bot-tuyet-sieu-ben","43":"product_tag-binh-tao-bot-tuyet-sieu-day","44":"product_tag-binh-tao-bot-tuyet-sieu-min","45":"product_tag-binh-tao-bot-tuyet-sieu-tien-loi","46":"product_tag-binh-tao-bot-tuyet-tao-bot-day","47":"product_tag-binh-tao-bot-tuyet-tiet-kiem-nuoc","48":"product_tag-binh-tao-bot-tuyet-tu-dong","49":"product_tag-binh-tao-bot-tuyet-ve-sinh-xe","50":"product_tag-binh-tao-bot-tuyet-ve-sinh-xe-hieu-qua","51":"product_tag-binh-tao-bot-tuyet-xe-dien","52":"product_tag-binh-tao-bot-tuyet-xe-du-lich","53":"product_tag-binh-tao-bot-tuyet-xe-hoi","54":"product_tag-binh-tao-bot-tuyet-xe-may","55":"product_tag-binh-tao-bot-tuyet-xe-phan-khoi-lon","56":"product_tag-binh-tao-bot-tuyet-xe-tai","58":"first","59":"instock","60":"shipping-taxable","61":"purchasable","62":"product-type-simple"},"_links":{"self":[{"href":"https:\/\/chuyendo.vn\/oto\/wp-json\/wp\/v2\/product\/8001","targetHints":{"allow":["GET"]}}],"collection":[{"href":"https:\/\/chuyendo.vn\/oto\/wp-json\/wp\/v2\/product"}],"about":[{"href":"https:\/\/chuyendo.vn\/oto\/wp-json\/wp\/v2\/types\/product"}],"replies":[{"embeddable":true,"href":"https:\/\/chuyendo.vn\/oto\/wp-json\/wp\/v2\/comments?post=8001"}],"wp:featuredmedia":[{"embeddable":true,"href":"https:\/\/chuyendo.vn\/oto\/wp-json\/wp\/v2\/media\/8041"}],"wp:attachment":[{"href":"https:\/\/chuyendo.vn\/oto\/wp-json\/wp\/v2\/media?parent=8001"}],"wp:term":[{"taxonomy":"product_cat","embeddable":true,"href":"https:\/\/chuyendo.vn\/oto\/wp-json\/wp\/v2\/product_cat?post=8001"},{"taxonomy":"product_tag","embeddable":true,"href":"https:\/\/chuyendo.vn\/oto\/wp-json\/wp\/v2\/product_tag?post=8001"}],"curies":[{"name":"wp","href":"https:\/\/api.w.org\/{rel}","templated":true}]}}