{"id":8675,"date":"2025-03-15T00:28:43","date_gmt":"2025-03-15T00:28:43","guid":{"rendered":"https:\/\/chuyendo.vn\/oto\/?post_type=product&#038;p=8675"},"modified":"2025-06-13T08:26:03","modified_gmt":"2025-06-13T08:26:03","slug":"hop-bien-xe-o-to-inox-bien-cu","status":"publish","type":"product","link":"https:\/\/chuyendo.vn\/oto\/product\/hop-bien-xe-o-to-inox-bien-cu\/","title":{"rendered":"H\u1ed8P BI\u1ec2N XE \u00d4 T\u00d4 INOX &#8211; BI\u1ec2N C\u0168"},"content":{"rendered":"<p>H\u1ed9p bi\u1ec3n s\u1ed1 xe \u00f4 t\u00f4 inox gi\u00fap b\u1ea3o v\u1ec7 bi\u1ec3n s\u1ed1 xe b\u1ec1n \u0111\u1eb9p v\u00e0 sang tr\u1ecdng h\u01a1n. S\u1ea3n ph\u1ea9m \u0111\u01b0\u1ee3c l\u00e0m t\u1eeb <strong data-start=\"387\" data-end=\"403\">inox cao c\u1ea5p<\/strong>, ch\u1ed1ng g\u1ec9 s\u00e9t, ch\u1ecbu l\u1ef1c t\u1ed1t, b\u1ea3o v\u1ec7 bi\u1ec3n s\u1ed1 l\u00e2u d\u00e0i. Thi\u1ebft k\u1ebf ch\u1eafc ch\u1eafn, kh\u00f4ng b\u1ecb cong v\u00eanh, kh\u00f4ng \u1ea3nh h\u01b0\u1edfng \u0111\u1ebfn th\u1ea9m m\u1ef9 xe. H\u1ed9p bi\u1ec3n gi\u00fap h\u1ea1n ch\u1ebf tr\u1ea7y x\u01b0\u1edbc, b\u1ea3o v\u1ec7 bi\u1ec3n s\u1ed1 c\u0169 kh\u00f4ng b\u1ecb m\u1edd theo th\u1eddi gian. Ch\u1ea5t li\u1ec7u inox s\u00e1ng b\u00f3ng, ch\u1ed1ng oxy h\u00f3a, d\u1ec5 d\u00e0ng lau ch\u00f9i v\u1ec7 sinh. <strong data-start=\"675\" data-end=\"703\">H\u1ed9p bi\u1ec3n s\u1ed1 xe \u00f4 t\u00f4 inox<\/strong> c\u00f3 thi\u1ebft k\u1ebf chu\u1ea9n, l\u1eafp \u0111\u1eb7t d\u1ec5 d\u00e0ng, kh\u00f4ng c\u1ea7n khoan \u0111\u1ee5c. Ph\u00f9 h\u1ee3p v\u1edbi m\u1ecdi d\u00f2ng xe, t\u1eeb xe c\u00e1 nh\u00e2n \u0111\u1ebfn xe d\u1ecbch v\u1ee5, xe t\u1ea3i. C\u1ed1 \u0111\u1ecbnh bi\u1ec3n s\u1ed1 ch\u1eafc ch\u1eafn, kh\u00f4ng rung l\u1eafc khi di chuy\u1ec3n \u0111\u01b0\u1eddng d\u00e0i. Vi\u1ec1n inox sang tr\u1ecdng, t\u1ea1o \u0111i\u1ec3m nh\u1ea5n n\u1ed5i b\u1eadt cho ph\u1ea7n \u0111u\u00f4i xe. S\u1ea3n ph\u1ea9m c\u00f3 th\u1ec3 s\u1eed d\u1ee5ng \u0111\u1ec3 thay th\u1ebf khung bi\u1ec3n c\u0169 b\u1ecb h\u01b0 h\u1ecfng. Ch\u1ed1ng n\u01b0\u1edbc, ch\u1ed1ng \u0103n m\u00f2n t\u1ed1t, ph\u00f9 h\u1ee3p v\u1edbi m\u1ecdi \u0111i\u1ec1u ki\u1ec7n th\u1eddi ti\u1ebft. Ph\u00f9 h\u1ee3p v\u1edbi nh\u1eefng ai mu\u1ed1n gi\u1eef bi\u1ec3n s\u1ed1 xe lu\u00f4n nh\u01b0 m\u1edbi, kh\u00f4ng b\u1ecb phai m\u00e0u. L\u1eafp \u0111\u1eb7t nhanh ch\u00f3ng, th\u00e1o l\u1eafp d\u1ec5 d\u00e0ng khi c\u1ea7n v\u1ec7 sinh. Chuy\u00ean \u0110\u1ed9 cam k\u1ebft cung c\u1ea5p s\u1ea3n ph\u1ea9m ch\u00ednh h\u00e3ng, ch\u1ea5t l\u01b0\u1ee3ng cao. Mua ngay t\u1ea1i chuyendo.vn \u0111\u1ec3 nh\u1eadn nhi\u1ec1u \u01b0u \u0111\u00e3i h\u1ea5p d\u1eabn!<\/p>\n<hr \/>\n<p>&nbsp;<\/p>\n<p><a href=\"https:\/\/chuyendo.vn\/oto\/\"><strong>Chuy\u00ean \u0110\u1ed9<\/strong><\/a> l\u00e0 s\u00e0n th\u01b0\u01a1ng m\u1ea1i \u0111i\u1ec7n t\u1eed h\u00e0ng \u0111\u1ea7u t\u1ea1i Vi\u1ec7t Nam d\u00e0nh cho ng\u01b0\u1eddi y\u00eau xe, chuy\u00ean cung c\u1ea5p ph\u1ee5 ki\u1ec7n \u0111\u1ed9, n\u00e2ng c\u1ea5p, l\u00e0m m\u1edbi, trang tr\u00ed, \u0111\u1ed3 ch\u01a1i xe m\u00e1y v\u00e0 xe \u0111i\u1ec7n. T\u1eebng s\u1ea3n ph\u1ea9m \u0111\u01b0\u1ee3c thi\u1ebft k\u1ebf \u0111\u1ec3 t\u1ed1i \u01b0u t\u00ednh t\u01b0\u01a1ng th\u00edch, hi\u1ec7u su\u1ea5t ho\u1ea1t \u0111\u1ed9ng v\u00e0 ti\u1ec7n l\u1ee3i, d\u1ec5 d\u00e0ng c\u00f3 th\u1ec3 t\u1ef1 l\u1eafp \u0111\u1eb7t. \u0110\u1ed9i ng\u0169 t\u01b0 v\u1ea5n vi\u00ean chuy\u00ean nghi\u1ec7p, s\u1eb5n s\u00e0ng h\u1ed7 tr\u1ee3 kh\u00e1ch h\u00e0ng l\u1ef1a ch\u1ecdn s\u1ea3n ph\u1ea9m ph\u00f9 h\u1ee3p nh\u1ea5t v\u1edbi nhu c\u1ea7u s\u1eed d\u1ee5ng. <a href=\"https:\/\/www.facebook.com\/profile.php?id=61566794691477\" target=\"_blank\" rel=\"noopener\"><strong>Chuy\u00ean \u0110\u1ed9<\/strong><\/a> \u0111\u01b0\u1ee3c x\u00e2y d\u1ef1ng v\u1edbi m\u1ee5c ti\u00eau n\u00e2ng cao an to\u00e0n, n\u00e2ng t\u1ea7m tr\u1ea3i nghi\u1ec7m khi l\u00e1i xe v\u1edbi phong c\u00e1ch ri\u00eang c\u1ee7a t\u1eebng kh\u00e1ch h\u00e0ng.<\/p>\n<p>&nbsp;<\/p>\n<p><strong><a href=\"https:\/\/chuyendo.vn\/oto\/shop\/\"><em>C\u00e1c s\u1ea3n ph\u1ea9m m\u1edbi t\u1ed1i \u01b0u nh\u1ea5t cho xe c\u1ee7a b\u1ea1n.(Nh\u1ea5n \u0110\u1ec3 Xem Chi Ti\u1ebft)<\/em><\/a><\/strong><\/p>\n<div style=\"margin: 20px 0;\"><div class=\"qrcswholewtapper\" style=\"text-align:center;\"><div class=\"qrcprowrapper\"  id=\"qrcwraa2leds\"><div class=\"qrc_canvass\" id=\"qrc_cuttenpages_2\" style=\"display:inline-block\" data-text=\"https:\/\/chuyendo.vn\/oto\/product\/hop-bien-xe-o-to-inox-bien-cu\/\"><\/div><div><a download=\"H\u1ed8P BI\u1ec2N XE \u00d4 T\u00d4 INOX &#8211; BI\u1ec2N C\u0168.png\" class=\"qrcdownloads\" id=\"worign\">\r\n           <button type=\"button\" style=\"min-width:200px;background:#ffffff;color:#dd9933;font-weight: 600;border: 1px solid #dd9933;border-radius:25px;font-size:12px;padding: 6px 0;\" class=\"uqr_code_btn\">Qu\u00e9t M\u00e3 \u0110\u1ec3 Truy C\u1eadp<\/button>\r\n           <\/a><\/div><\/div><\/div><\/div>","protected":false},"excerpt":{"rendered":"<p>H\u1ed9p bi\u1ec3n s\u1ed1 xe \u00f4 t\u00f4 inox gi\u00fap b\u1ea3o v\u1ec7 bi\u1ec3n s\u1ed1 xe b\u1ec1n \u0111\u1eb9p v\u00e0 sang tr\u1ecdng h\u01a1n. S\u1ea3n ph\u1ea9m \u0111\u01b0\u1ee3c l\u00e0m t\u1eeb inox cao c\u1ea5p, ch\u1ed1ng g\u1ec9 s\u00e9t, ch\u1ecbu l\u1ef1c t\u1ed1t, b\u1ea3o v\u1ec7 bi\u1ec3n s\u1ed1 l\u00e2u d\u00e0i. Thi\u1ebft &hellip; <a href=\"https:\/\/chuyendo.vn\/oto\/product\/hop-bien-xe-o-to-inox-bien-cu\/\">Xem Chi Ti\u1ebft<\/a><\/p>\n","protected":false},"featured_media":8808,"comment_status":"open","ping_status":"closed","template":"","meta":[],"product_cat":[5344,19616],"product_tag":[10723,10735,10754,10724,10738,10731,10726,10749,10753,10761,10732,10741,10757,10752,10737,10725,10740,10759,10758,10756,10734,10727,10773,10750,10768,10771,10730,10766,10748,10760,10743,10755,10742,10745,10762,10763,10739,10747,10744,10733,10769,10728,10751,10764,10736,10746,10729],"class_list":{"0":"post-8675","1":"product","2":"type-product","3":"status-publish","4":"has-post-thumbnail","6":"product_cat-san-pham-moi","7":"product_cat-ngoai-xe","8":"product_tag-hop-bien-so-xe-o-to-inox-chinh-hang","9":"product_tag-hop-bien-so-xe-o-to-inox-chong-an-mon","10":"product_tag-hop-bien-so-xe-o-to-inox-chong-bam-bui","11":"product_tag-hop-bien-so-xe-o-to-inox-chong-gi-set","12":"product_tag-hop-bien-so-xe-o-to-inox-chong-nuoc-hieu-qua","13":"product_tag-hop-bien-so-xe-o-to-inox-chong-rung-lac-khi-di-chuyen","14":"product_tag-hop-bien-so-xe-o-to-inox-chong-tray-xuoc","15":"product_tag-hop-bien-so-xe-o-to-inox-co-the-su-dung-lau-dai","16":"product_tag-hop-bien-so-xe-o-to-inox-co-the-thay-the-khung-bien-cu","17":"product_tag-hop-bien-so-xe-o-to-inox-co-thiet-ke-chac-chan","18":"product_tag-hop-bien-so-xe-o-to-inox-de-dang-lap-dat","19":"product_tag-hop-bien-so-xe-o-to-inox-de-dang-thao-lap","20":"product_tag-hop-bien-so-xe-o-to-inox-de-dang-thao-lap-khi-can-bao-duong","21":"product_tag-hop-bien-so-xe-o-to-inox-de-ve-sinh","22":"product_tag-hop-bien-so-xe-o-to-inox-dung-duoc-cho-xe-tai","23":"product_tag-hop-bien-so-xe-o-to-inox-giup-bao-ve-bien-so","24":"product_tag-hop-bien-so-xe-o-to-inox-giup-bao-ve-bien-so-cu","25":"product_tag-hop-bien-so-xe-o-to-inox-giup-bao-ve-bien-so-lau-dai","26":"product_tag-hop-bien-so-xe-o-to-inox-giup-bien-so-khong-bi-long-leo","27":"product_tag-hop-bien-so-xe-o-to-inox-giup-bien-so-khong-bi-o-vang","28":"product_tag-hop-bien-so-xe-o-to-inox-giup-bien-so-khong-bi-phai-mau","29":"product_tag-hop-bien-so-xe-o-to-inox-giup-bien-so-luon-sang-dep","30":"product_tag-hop-bien-so-xe-o-to-inox-giup-bien-so-xe-luon-nhu-moi","31":"product_tag-hop-bien-so-xe-o-to-inox-giup-bien-so-xe-luon-sang-bong","32":"product_tag-hop-bien-so-xe-o-to-inox-giup-cai-thien-tham-my-xe","33":"product_tag-hop-bien-so-xe-o-to-inox-giup-chong-bam-ban","34":"product_tag-hop-bien-so-xe-o-to-inox-giup-co-dinh-bien-so-chac-chan","35":"product_tag-hop-bien-so-xe-o-to-inox-giup-giu-bien-so-khong-bi-bien-dang","36":"product_tag-hop-bien-so-xe-o-to-inox-giup-giu-bien-so-khong-bi-cong-venh","37":"product_tag-hop-bien-so-xe-o-to-inox-giup-giu-bien-so-khong-bi-roi-rot","38":"product_tag-hop-bien-so-xe-o-to-inox-giup-giu-bien-so-luon-sach-se","39":"product_tag-hop-bien-so-xe-o-to-inox-giup-han-che-va-dap-khi-di-chuyen","40":"product_tag-hop-bien-so-xe-o-to-inox-giup-noi-that-xe-tinh-te-hon","41":"product_tag-hop-bien-so-xe-o-to-inox-giup-tang-do-ben-cho-bien-so-xe","42":"product_tag-hop-bien-so-xe-o-to-inox-giup-tang-tuoi-tho-bien-so","43":"product_tag-hop-bien-so-xe-o-to-inox-giup-tranh-hu-hong-bien-so","44":"product_tag-hop-bien-so-xe-o-to-inox-giup-xe-them-sang-trong","45":"product_tag-hop-bien-so-xe-o-to-inox-giup-xe-trong-dang-cap-hon","46":"product_tag-hop-bien-so-xe-o-to-inox-khong-bi-ri-set-sau-thoi-gian-dai","47":"product_tag-hop-bien-so-xe-o-to-inox-khong-can-khoan-duc","48":"product_tag-hop-bien-so-xe-o-to-inox-khong-lam-anh-huong-den-ket-cau-xe","49":"product_tag-hop-bien-so-xe-o-to-inox-phu-hop-moi-dong-xe","50":"product_tag-hop-bien-so-xe-o-to-inox-phu-hop-voi-dieu-kien-thoi-tiet-khac-nghiet","51":"product_tag-hop-bien-so-xe-o-to-inox-phu-hop-voi-moi-loai-xe-o-to","52":"product_tag-hop-bien-so-xe-o-to-inox-phu-hop-voi-xe-ca-nhan","53":"product_tag-hop-bien-so-xe-o-to-inox-phu-hop-voi-xe-sedan","54":"product_tag-hop-bien-so-xe-o-to-inox-thiet-ke-ben-dep","55":"product_filter_data-accent","56":"product_filter_data-accord","57":"product_filter_data-attrage","58":"product_filter_data-br-v","59":"product_filter_data-brio","60":"product_filter_data-bt50","61":"product_filter_data-camry","62":"product_filter_data-carnival","63":"product_filter_data-city","64":"product_filter_data-civic","65":"product_filter_data-corolla-altis","66":"product_filter_data-cr-v","67":"product_filter_data-creta","68":"product_filter_data-cross","69":"product_filter_data-cx-3","70":"product_filter_data-cx-5","71":"product_filter_data-cx-8","72":"product_filter_data-fadil","73":"product_filter_data-forte","74":"product_filter_data-fortuner","75":"product_filter_data-hr-v","76":"product_filter_data-i10","77":"product_filter_data-i30","78":"product_filter_data-innova","79":"product_filter_data-lux-a","80":"product_filter_data-mazda-2","81":"product_filter_data-mazda-3","82":"product_filter_data-mazda-6","83":"product_filter_data-morning","84":"product_filter_data-outlander","85":"product_filter_data-santafe","86":"product_filter_data-triton","87":"product_filter_data-vf-3","88":"product_filter_data-vf-5","89":"product_filter_data-vios","90":"product_filter_data-wigo","91":"product_filter_data-xpander","92":"product_filter_data-xpander-cross","94":"first","95":"instock","96":"shipping-taxable","97":"purchasable","98":"product-type-variable"},"_links":{"self":[{"href":"https:\/\/chuyendo.vn\/oto\/wp-json\/wp\/v2\/product\/8675","targetHints":{"allow":["GET"]}}],"collection":[{"href":"https:\/\/chuyendo.vn\/oto\/wp-json\/wp\/v2\/product"}],"about":[{"href":"https:\/\/chuyendo.vn\/oto\/wp-json\/wp\/v2\/types\/product"}],"replies":[{"embeddable":true,"href":"https:\/\/chuyendo.vn\/oto\/wp-json\/wp\/v2\/comments?post=8675"}],"wp:featuredmedia":[{"embeddable":true,"href":"https:\/\/chuyendo.vn\/oto\/wp-json\/wp\/v2\/media\/8808"}],"wp:attachment":[{"href":"https:\/\/chuyendo.vn\/oto\/wp-json\/wp\/v2\/media?parent=8675"}],"wp:term":[{"taxonomy":"product_cat","embeddable":true,"href":"https:\/\/chuyendo.vn\/oto\/wp-json\/wp\/v2\/product_cat?post=8675"},{"taxonomy":"product_tag","embeddable":true,"href":"https:\/\/chuyendo.vn\/oto\/wp-json\/wp\/v2\/product_tag?post=8675"}],"curies":[{"name":"wp","href":"https:\/\/api.w.org\/{rel}","templated":true}]}}