{"id":8841,"date":"2025-03-15T08:32:55","date_gmt":"2025-03-15T08:32:55","guid":{"rendered":"https:\/\/chuyendo.vn\/oto\/?post_type=product&#038;p=8841"},"modified":"2025-06-13T08:25:06","modified_gmt":"2025-06-13T08:25:06","slug":"bat-phu-nua-xe-o-to","status":"publish","type":"product","link":"https:\/\/chuyendo.vn\/oto\/product\/bat-phu-nua-xe-o-to\/","title":{"rendered":"B\u1ea0T PH\u1ee6 N\u1eecA XE \u00d4 T\u00d4"},"content":{"rendered":"<p>B\u1ea1t ph\u1ee7 n\u1eeda xe \u00f4 t\u00f4 ch\u1ed1ng n\u1eafng gi\u00fap b\u1ea3o v\u1ec7 xe kh\u1ecfi nhi\u1ec7t \u0111\u1ed9 cao v\u00e0 b\u1ee5i b\u1ea9n. S\u1ea3n ph\u1ea9m \u0111\u01b0\u1ee3c l\u00e0m t\u1eeb <strong data-start=\"394\" data-end=\"420\">ch\u1ea5t li\u1ec7u ch\u1ed1ng tia UV<\/strong>, gi\u00fap gi\u1ea3m nhi\u1ec7t \u0111\u1ed9 trong xe khi \u0111\u1eadu ngo\u00e0i tr\u1eddi. Thi\u1ebft k\u1ebf ph\u1ee7 n\u1eeda xe, ti\u1ec7n l\u1ee3i khi s\u1eed d\u1ee5ng, d\u1ec5 d\u00e0ng th\u00e1o l\u1eafp nhanh ch\u00f3ng. <strong data-start=\"543\" data-end=\"577\">B\u1ea1t ph\u1ee7 n\u1eeda xe \u00f4 t\u00f4 ch\u1ed1ng n\u1eafng<\/strong> c\u00f3 l\u1edbp ch\u1ed1ng th\u1ea5m n\u01b0\u1edbc, h\u1ea1n ch\u1ebf t\u00e1c \u0111\u1ed9ng c\u1ee7a m\u01b0a, n\u1eafng, b\u1ee5i. B\u1ec1 m\u1eb7t b\u1ea1t c\u00f3 kh\u1ea3 n\u0103ng ph\u1ea3n x\u1ea1 nhi\u1ec7t, gi\u1ea3m t\u00e1c \u0111\u1ed9ng c\u1ee7a \u00e1nh n\u1eafng l\u00ean k\u00ednh v\u00e0 n\u1ed9i th\u1ea5t xe. Ch\u1ea5t li\u1ec7u b\u1ec1n b\u1ec9, kh\u00f4ng b\u1ecb co gi\u00e3n hay r\u00e1ch sau th\u1eddi gian d\u00e0i s\u1eed d\u1ee5ng. D\u00e2y c\u1ed1 \u0111\u1ecbnh ch\u1eafc ch\u1eafn, gi\u1eef b\u1ea1t kh\u00f4ng b\u1ecb bay khi c\u00f3 gi\u00f3 l\u1edbn. K\u00edch th\u01b0\u1edbc ti\u00eau chu\u1ea9n, ph\u00f9 h\u1ee3p v\u1edbi h\u1ea7u h\u1ebft c\u00e1c d\u00f2ng xe \u00f4 t\u00f4 hi\u1ec7n nay. B\u1ea1t gi\u00fap h\u1ea1n ch\u1ebf b\u1ea1c m\u00e0u n\u1ed9i th\u1ea5t, b\u1ea3o v\u1ec7 b\u1ea3ng taplo v\u00e0 gh\u1ebf ng\u1ed3i kh\u1ecfi n\u1eafng n\u00f3ng. S\u1ea3n ph\u1ea9m nh\u1ecf g\u1ecdn, d\u1ec5 d\u00e0ng g\u1ea5p g\u1ecdn \u0111\u1ec3 c\u1ea5t gi\u1eef trong c\u1ed1p xe. Thi\u1ebft k\u1ebf \u0111\u01a1n gi\u1ea3n, c\u00f3 th\u1ec3 s\u1eed d\u1ee5ng h\u00e0ng ng\u00e0y khi \u0111\u1eadu xe ngo\u00e0i tr\u1eddi. B\u1ea1t ph\u1ee7 gi\u00fap ti\u1ebft ki\u1ec7m th\u1eddi gian d\u1ecdn d\u1eb9p b\u1ee5i b\u1ea9n v\u00e0 h\u1ea1n ch\u1ebf t\u00e1c \u0111\u1ed9ng th\u1eddi ti\u1ebft. Chuy\u00ean \u0110\u1ed9 cam k\u1ebft cung c\u1ea5p s\u1ea3n ph\u1ea9m ch\u00ednh h\u00e3ng, ch\u1ea5t l\u01b0\u1ee3ng cao. Mua ngay t\u1ea1i chuyendo.vn \u0111\u1ec3 nh\u1eadn nhi\u1ec1u \u01b0u \u0111\u00e3i h\u1ea5p d\u1eabn!<\/p>\n<hr \/>\n<p>&nbsp;<\/p>\n<p><a href=\"https:\/\/chuyendo.vn\/oto\/\"><strong>Chuy\u00ean \u0110\u1ed9<\/strong><\/a> l\u00e0 s\u00e0n th\u01b0\u01a1ng m\u1ea1i \u0111i\u1ec7n t\u1eed h\u00e0ng \u0111\u1ea7u t\u1ea1i Vi\u1ec7t Nam d\u00e0nh cho ng\u01b0\u1eddi y\u00eau xe, chuy\u00ean cung c\u1ea5p ph\u1ee5 ki\u1ec7n \u0111\u1ed9, n\u00e2ng c\u1ea5p, l\u00e0m m\u1edbi, trang tr\u00ed, \u0111\u1ed3 ch\u01a1i xe m\u00e1y v\u00e0 xe \u0111i\u1ec7n. T\u1eebng s\u1ea3n ph\u1ea9m \u0111\u01b0\u1ee3c thi\u1ebft k\u1ebf \u0111\u1ec3 t\u1ed1i \u01b0u t\u00ednh t\u01b0\u01a1ng th\u00edch, hi\u1ec7u su\u1ea5t ho\u1ea1t \u0111\u1ed9ng v\u00e0 ti\u1ec7n l\u1ee3i, d\u1ec5 d\u00e0ng c\u00f3 th\u1ec3 t\u1ef1 l\u1eafp \u0111\u1eb7t. \u0110\u1ed9i ng\u0169 t\u01b0 v\u1ea5n vi\u00ean chuy\u00ean nghi\u1ec7p, s\u1eb5n s\u00e0ng h\u1ed7 tr\u1ee3 kh\u00e1ch h\u00e0ng l\u1ef1a ch\u1ecdn s\u1ea3n ph\u1ea9m ph\u00f9 h\u1ee3p nh\u1ea5t v\u1edbi nhu c\u1ea7u s\u1eed d\u1ee5ng. <a href=\"https:\/\/www.facebook.com\/profile.php?id=61566794691477\" target=\"_blank\" rel=\"noopener\"><strong>Chuy\u00ean \u0110\u1ed9<\/strong><\/a> \u0111\u01b0\u1ee3c x\u00e2y d\u1ef1ng v\u1edbi m\u1ee5c ti\u00eau n\u00e2ng cao an to\u00e0n, n\u00e2ng t\u1ea7m tr\u1ea3i nghi\u1ec7m khi l\u00e1i xe v\u1edbi phong c\u00e1ch ri\u00eang c\u1ee7a t\u1eebng kh\u00e1ch h\u00e0ng.<\/p>\n<p>&nbsp;<\/p>\n<p><strong><a href=\"https:\/\/chuyendo.vn\/oto\/shop\/\"><em>C\u00e1c s\u1ea3n ph\u1ea9m m\u1edbi t\u1ed1i \u01b0u nh\u1ea5t cho xe c\u1ee7a b\u1ea1n.(Nh\u1ea5n \u0110\u1ec3 Xem Chi Ti\u1ebft)<\/em><\/a><\/strong><\/p>\n<div style=\"margin: 20px 0;\"><div class=\"qrcswholewtapper\" style=\"text-align:center;\"><div class=\"qrcprowrapper\"  id=\"qrcwraa2leds\"><div class=\"qrc_canvass\" id=\"qrc_cuttenpages_2\" style=\"display:inline-block\" data-text=\"https:\/\/chuyendo.vn\/oto\/product\/bat-phu-nua-xe-o-to\/\"><\/div><div><a download=\"B\u1ea0T PH\u1ee6 N\u1eecA XE \u00d4 T\u00d4.png\" class=\"qrcdownloads\" id=\"worign\">\r\n           <button type=\"button\" style=\"min-width:200px;background:#ffffff;color:#dd9933;font-weight: 600;border: 1px solid #dd9933;border-radius:25px;font-size:12px;padding: 6px 0;\" class=\"uqr_code_btn\">Qu\u00e9t M\u00e3 \u0110\u1ec3 Truy C\u1eadp<\/button>\r\n           <\/a><\/div><\/div><\/div><\/div>","protected":false},"excerpt":{"rendered":"<p>B\u1ea1t ph\u1ee7 n\u1eeda xe \u00f4 t\u00f4 ch\u1ed1ng n\u1eafng gi\u00fap b\u1ea3o v\u1ec7 xe kh\u1ecfi nhi\u1ec7t \u0111\u1ed9 cao v\u00e0 b\u1ee5i b\u1ea9n. S\u1ea3n ph\u1ea9m \u0111\u01b0\u1ee3c l\u00e0m t\u1eeb ch\u1ea5t li\u1ec7u ch\u1ed1ng tia UV, gi\u00fap gi\u1ea3m nhi\u1ec7t \u0111\u1ed9 trong xe khi \u0111\u1eadu ngo\u00e0i tr\u1eddi. Thi\u1ebft &hellip; <a href=\"https:\/\/chuyendo.vn\/oto\/product\/bat-phu-nua-xe-o-to\/\">Xem Chi Ti\u1ebft<\/a><\/p>\n","protected":false},"featured_media":8842,"comment_status":"open","ping_status":"closed","template":"","meta":[],"product_cat":[5344,19615],"product_tag":[10920,10934,10919,10923,10949,10942,10930,10954,10929,10946,10938,10950,10959,10931,10925,10952,10921,10962,10941,10947,10956,10935,10924,10951,10961,10944,10963,10958,10928,10957,10936,10943,10933,10948,10953,10960,10939,10937,10955,10965,10922,10926,10945,10932,10940,10964,10927],"class_list":{"0":"post-8841","1":"product","2":"type-product","3":"status-publish","4":"has-post-thumbnail","6":"product_cat-san-pham-moi","7":"product_cat-bat-phu-xe","8":"product_tag-bat-phu-nua-xe-o-to-chong-nang-bao-ve-kinh-lai","9":"product_tag-bat-phu-nua-xe-o-to-chong-nang-ben-bi-theo-thoi-gian","10":"product_tag-bat-phu-nua-xe-o-to-chong-nang-chinh-hang","11":"product_tag-bat-phu-nua-xe-o-to-chong-nang-chong-bac-mau-noi-that","12":"product_tag-bat-phu-nua-xe-o-to-chong-nang-chong-lao-hoa-noi-that","13":"product_tag-bat-phu-nua-xe-o-to-chong-nang-chong-tac-dong-cua-thoi-tiet","14":"product_tag-bat-phu-nua-xe-o-to-chong-nang-chong-tham-nuoc","15":"product_tag-bat-phu-nua-xe-o-to-chong-nang-chong-tia-cuc-tim-hieu-qua","16":"product_tag-bat-phu-nua-xe-o-to-chong-nang-co-day-co-dinh-chac-chan","17":"product_tag-bat-phu-nua-xe-o-to-chong-nang-co-do-ben-cao","18":"product_tag-bat-phu-nua-xe-o-to-chong-nang-co-lop-phan-quang-cach-nhiet","19":"product_tag-bat-phu-nua-xe-o-to-chong-nang-co-the-su-dung-hang-ngay","20":"product_tag-bat-phu-nua-xe-o-to-chong-nang-co-the-su-dung-trong-moi-dieu-kien-thoi-tiet","21":"product_tag-bat-phu-nua-xe-o-to-chong-nang-de-dang-gap-gon","22":"product_tag-bat-phu-nua-xe-o-to-chong-nang-de-dang-lap-dat","23":"product_tag-bat-phu-nua-xe-o-to-chong-nang-de-dang-thao-lap-khi-su-dung","24":"product_tag-bat-phu-nua-xe-o-to-chong-nang-giam-nhiet-hieu-qua","25":"product_tag-bat-phu-nua-xe-o-to-chong-nang-giup-bao-ve-be-mat-kinh-xe","26":"product_tag-bat-phu-nua-xe-o-to-chong-nang-giup-bao-ve-ghe-da","27":"product_tag-bat-phu-nua-xe-o-to-chong-nang-giup-bao-ve-kinh-lai-khoi-bam-bui","28":"product_tag-bat-phu-nua-xe-o-to-chong-nang-giup-bao-ve-noi-that-xe-lau-dai","29":"product_tag-bat-phu-nua-xe-o-to-chong-nang-giup-bao-ve-son-xe","30":"product_tag-bat-phu-nua-xe-o-to-chong-nang-giup-bao-ve-taplo","31":"product_tag-bat-phu-nua-xe-o-to-chong-nang-giup-bao-ve-xe-vao-mua-he","32":"product_tag-bat-phu-nua-xe-o-to-chong-nang-giup-duy-tri-do-ben-cua-xe","33":"product_tag-bat-phu-nua-xe-o-to-chong-nang-giup-duy-tri-nhiet-do-xe-on-dinh","34":"product_tag-bat-phu-nua-xe-o-to-chong-nang-giup-giam-hao-mon-noi-that","35":"product_tag-bat-phu-nua-xe-o-to-chong-nang-giup-giam-hu-hai-kinh-chan-gio","36":"product_tag-bat-phu-nua-xe-o-to-chong-nang-giup-giam-nong-trong-xe","37":"product_tag-bat-phu-nua-xe-o-to-chong-nang-giup-han-che-bam-nuoc-khi-troi-mua","38":"product_tag-bat-phu-nua-xe-o-to-chong-nang-giup-han-che-bui-ban","39":"product_tag-bat-phu-nua-xe-o-to-chong-nang-giup-tiet-kiem-nhien-lieu-dieu-hoa","40":"product_tag-bat-phu-nua-xe-o-to-chong-nang-giup-xe-luon-mat-me","41":"product_tag-bat-phu-nua-xe-o-to-chong-nang-giup-xe-luon-sach-se","42":"product_tag-bat-phu-nua-xe-o-to-chong-nang-giup-xe-trong-gon-gang-hon","43":"product_tag-bat-phu-nua-xe-o-to-chong-nang-ho-tro-giu-xe-luon-nhu-moi","44":"product_tag-bat-phu-nua-xe-o-to-chong-nang-khong-gay-tray-xuoc-kinh","45":"product_tag-bat-phu-nua-xe-o-to-chong-nang-khong-lam-anh-huong-tam-nhin","46":"product_tag-bat-phu-nua-xe-o-to-chong-nang-khong-lam-mat-tham-my-xe","47":"product_tag-bat-phu-nua-xe-o-to-chong-nang-mang-lai-su-tien-loi-cho-nguoi-dung","48":"product_tag-bat-phu-nua-xe-o-to-chong-nang-ngan-tia-uv","49":"product_tag-bat-phu-nua-xe-o-to-chong-nang-phu-hop-moi-dong-xe","50":"product_tag-bat-phu-nua-xe-o-to-chong-nang-phu-hop-voi-xe-du-lich","51":"product_tag-bat-phu-nua-xe-o-to-chong-nang-phu-hop-voi-xe-sedan","52":"product_tag-bat-phu-nua-xe-o-to-chong-nang-phu-hop-voi-xe-suv","53":"product_tag-bat-phu-nua-xe-o-to-chong-nang-phu-hop-voi-xe-tai-nho","54":"product_tag-bat-phu-nua-xe-o-to-chong-nang-thiet-ke-tien-loi","56":"first","57":"instock","58":"shipping-taxable","59":"purchasable","60":"product-type-simple"},"_links":{"self":[{"href":"https:\/\/chuyendo.vn\/oto\/wp-json\/wp\/v2\/product\/8841","targetHints":{"allow":["GET"]}}],"collection":[{"href":"https:\/\/chuyendo.vn\/oto\/wp-json\/wp\/v2\/product"}],"about":[{"href":"https:\/\/chuyendo.vn\/oto\/wp-json\/wp\/v2\/types\/product"}],"replies":[{"embeddable":true,"href":"https:\/\/chuyendo.vn\/oto\/wp-json\/wp\/v2\/comments?post=8841"}],"wp:featuredmedia":[{"embeddable":true,"href":"https:\/\/chuyendo.vn\/oto\/wp-json\/wp\/v2\/media\/8842"}],"wp:attachment":[{"href":"https:\/\/chuyendo.vn\/oto\/wp-json\/wp\/v2\/media?parent=8841"}],"wp:term":[{"taxonomy":"product_cat","embeddable":true,"href":"https:\/\/chuyendo.vn\/oto\/wp-json\/wp\/v2\/product_cat?post=8841"},{"taxonomy":"product_tag","embeddable":true,"href":"https:\/\/chuyendo.vn\/oto\/wp-json\/wp\/v2\/product_tag?post=8841"}],"curies":[{"name":"wp","href":"https:\/\/api.w.org\/{rel}","templated":true}]}}